Veter Od: 19-11-2018 21:00 Do: 20-11-2018 09:59 Opozorilo za: Veter Stopnja: Oranžna info button
Sneg/Led Od: 19-11-2018 21:00 Do: 20-11-2018 09:59 Opozorilo za: Sneg/Led Stopnja: Rumena info button

NOAA-Style klimatska poročila


Poročilo za 2011 januar
                   Monthly Climatological Summary for jan 2011

Name: Vremenska postaja Okroglo   City: Kal nad Kanalom   State: Slovenija
Elevation: 770 m  Lat: N 46° 04' 21"   Lon: E 013° 44' 04"

                  Temperature (°C), Rain (mm), Wind Speed (km/h)

                                      Heat  Cool        Avg
    Mean                              Deg   Deg         Wind                 Dom
Day Temp  High   Time   Low    Time   Days  Days  Rain  Speed High   Time    Dir
----------------------------------------------------------------------------------
 1   1,1   3,9   12:37  -0,7   02:28  16,9   0,0   0,0   0,6  12,2   14:06     W
 2  -1,0   0,3   00:27  -2,8   23:05  19,0   0,0   0,0   8,9  51,1   21:49     E
 3  -2,2   5,8   14:39  -5,2   22:25  20,2   0,0   0,0   1,4  18,0   11:27     E
 4  -4,8  -1,9   12:05  -8,3   23:05  22,8   0,0   0,0   5,4  29,2   07:53   ESE
 5  -5,4   0,1   13:03  -9,7   07:23  23,4   0,0   0,0   1,2  15,5   00:05   WSW
 6  -1,0   0,3   11:22  -2,4   08:00  19,0   0,0   0,0   1,6  25,6   07:31    SW
 7   2,2   3,9   21:24   0,6   00:05  15,8   0,0  21,8   0,9  14,0   23:25    SW
 8   4,3   5,1   16:13   3,3   04:06  13,7   0,0  14,0   6,1  25,6   13:02    SW
 9   4,6   5,1   15:01   4,2   05:30  13,4   0,0   0,5   3,9  20,9   05:36    SW
10   5,7   7,1   15:16   4,3   01:05  12,3   0,0  18,1   4,3  23,4   14:42     S
11   4,1   5,8   00:05   3,4   10:23  13,9   0,0  35,7   1,0  18,7   09:02    NE
12   4,4  12,3   15:21   2,2   05:52  13,6   0,0   0,5   0,4   7,2   00:38   ENE
13   3,9   7,9   14:05   1,9   07:24  14,1   0,0   0,0   1,0  11,9   12:53     W
14   4,4  12,1   15:20   1,9   01:05  13,6   0,0   0,0   0,6   8,3   08:08   NNW
15   4,4  12,6   15:03   2,0   04:05  13,6   0,0   0,0   1,4  12,2   03:05   NNW
16   8,5  15,8   14:38   5,3   08:05   9,5   0,0   0,0   0,6   7,9   14:17     W
17   7,7  13,1   13:39   5,3   21:18  10,3   0,0   0,0   1,1   9,4   13:44    SW
18   7,1  13,2   13:25   3,9   07:28  10,9   0,0   0,0   4,5  32,8   17:54     E
19   3,3   5,6   10:11   0,4   23:05  14,7   0,0   2,6   4,3  29,5   01:49     E
20  -0,1   4,6   14:55  -2,2   22:10  18,1   0,0   0,5   8,1  40,0   22:12   ENE
21  -2,4  -0,1   13:59  -4,1   23:43  20,4   0,0   0,0  10,0  43,9   21:52   ENE
22  -3,5   1,3   15:10  -5,5   23:05  21,5   0,0   0,0  12,8  53,3   15:37   ENE
23  -2,9   3,2   14:26  -6,9   08:05  20,9   0,0   0,0   3,3  24,5   16:15     E
24  -2,5   2,9   15:36  -4,7   21:11  20,5   0,0   0,0   1,9  19,4   17:36    NE
25  -2,2   0,1   12:05  -5,7   02:05  20,2   0,0   0,0   2,3  11,2   20:52   WSW
26  -0,9   0,9   13:15  -2,2   01:05  18,9   0,0   0,0   0,4   9,7   13:50   WSW
27   0,4   4,8   15:11  -1,6   23:05  17,6   0,0   0,0   4,3  41,0   21:47     E
28  -2,2   2,2   15:22  -5,8   23:12  20,2   0,0   0,5  14,3  59,0   21:30   ENE
29  -4,1  -1,6   13:55  -5,9   00:05  22,1   0,0   0,0  12,5  70,6   11:31     E
30  -3,4  -0,8   14:05  -5,3   08:05  21,4   0,0   0,0   6,0  33,1   08:05    NW
31  -3,6   0,4   14:33  -5,6   19:58  21,6   0,0   0,0   8,7  37,1   13:59    SE
----------------------------------------------------------------------------------
     0,8  15,8    16    -9,7     5   534,1   0,0  94,2   4,5  70,6    29       E

Max >=  30,0:  0
Max <=   0,0:  4
Min <=   0,0: 18
Min <=  -5,0: 10
Max Rain: 35,7 on day 11
Days of Rain: 5 (> 1,0 mm)  4 (> 10,0 mm)  2 (> 20,0 mm)
Heat Base: 18,0  Cool Base: 18,0  Method: Integration