NOAA-Style klimatska poročila


Poročilo za 2013 marec
                   Monthly Climatological Summary for mar. 2013

Name: Vremenska postaja Okroglo   City: Kal nad Kanalom   State: Slovenija
Elevation: 770 m  Lat: N 46° 04' 21"   Lon: E 013° 44' 02"

                  Temperature (°C), Rain (mm), Wind Speed (km/h)

                                      Heat  Cool        Avg
    Mean                              Deg   Deg         Wind                 Dom
Day Temp  High   Time   Low    Time   Days  Days  Rain  Speed High   Time    Dir
----------------------------------------------------------------------------------
01   3,3   8,1   15:22   0,4   02:10  14,7   0,0   0,0   2,3  15,0   15:52    SW
02   1,6   4,9   15:13  -0,2   07:44  16,4   0,0   0,0  11,2  45,0   20:39   ESE
03   3,8  11,6   16:12  -1,6   07:27  14,2   0,0   0,0   4,5  34,0   01:01    NW
04   4,2  10,4   15:29   0,4   07:25  11,6   0,0   0,0   5,4  37,0   09:25   ESE
05   4,2   8,4   13:36   0,6   04:51  13,8   0,0   0,0   4,1  23,0   14:41   WSW
06   5,1   6,6   16:52   2,9   02:56  12,9   0,0  36,3   3,8  32,0   14:45     S
07   6,4   7,1   12:09   5,7   04:25  11,6   0,0  34,7   2,5  17,0   11:39    SW
08   6,9   7,4   15:32   6,5   02:57  11,1   0,0   9,3   2,5  19,0   12:02    SW
09   7,0   8,2   13:39   5,9   19:45  11,0   0,0  16,6   1,5  18,0   23:03   SSW
10   4,5   6,1   00:35   3,2   22:03  13,6   0,0  20,7   1,8  19,0   02:13   ESE
11   5,6   9,1   13:07   3,0   06:11  12,4   0,0   0,5   1,6  14,0   16:04   ESE
12   4,7   7,8   14:27   3,6   04:05  13,3   0,0   7,8   1,3  22,0   23:57     S
13   3,0   5,2   09:16   1,2   13:02  15,3   0,0  25,9   2,3  23,0   10:27   SSE
14   1,0   2,2   00:00  -1,4   21:44  17,0   0,0   1,6   8,3  44,0   06:44    NE
15  -0,3   3,9   12:49  -3,2   23:42  18,3   0,0   0,0   3,3  28,0   20:03    NE
16  -1,9   2,4   15:01  -4,9   05:30  19,9   0,0   0,0   4,2  28,0   13:32    SW
17  -1,0   0,9   17:16  -2,1   02:59  19,2   0,0   0,0   4,4  26,0   18:19    SW
18   1,6   7,1   16:40  -0,1   00:00  16,4   0,0  63,7   9,8  61,0   17:03   SSW
19   3,0   7,4   14:09   0,3   02:24  15,0   0,0   3,6   4,9  34,0   00:41    SW
20   4,8   9,0   15:10   2,1   04:31  13,2   0,0   0,5   4,2  27,0   12:15    SW
21   6,0  10,7   16:10   3,1   23:57  12,1   0,0   0,0   3,5  24,0   11:37     W
22   5,3  10,3   13:56   1,8   05:28  12,7   0,0   0,0   3,8  27,0   14:59     W
23   1,6   4,7   11:31  -1,2   22:50  16,4   0,0   0,0   3,5  36,0   20:14   ENE
24  -2,4  -1,2   00:00  -4,7   23:41  20,4   0,0   0,5  15,6  75,0   23:19     E
25  -4,7  -3,9   23:35  -5,6   08:55  22,7   0,0   0,0  19,9  84,0   14:40     E
26  -3,1  -0,2   14:13  -4,7   05:42  21,1   0,0   0,0   8,7  41,0   01:40   ESE
27  -3,2   0,9   14:21  -5,8   05:24  21,2   0,0   0,0   8,0  39,0   06:08   ESE
28   1,3   5,9   14:37  -2,7   00:41  16,8   0,0  10,9   3,5  28,0   10:41    SW
29   4,1   5,5   04:44   2,1   01:55  14,1   0,0  42,0   4,5  31,0   04:35    SW
30   4,8   7,5   12:47   2,1   21:02  13,2   0,0  36,3   4,4  50,0   21:42     E
31   2,2   3,2   07:38   1,2   23:41  15,2   0,0  22,8   9,0  46,0   00:34   ESE
----------------------------------------------------------------------------------
     2,6  11,6     3    -5,8    27   476,8   0,0 333,7   5,4  84,0    25      SE

Max >=  30,0  0
Max <=   0,0  3
Min <=   0,0 13
Min <=  -5,0  2
Max Rain: 63,7 on day 18
Days of Rain: 14 (>= 1,0 mm)  10 (>= 10,0 mm)  8 (>= 20,0 mm)
Heat Base: 18,0  Cool Base: 18,0  Method: Integration
sucontract_SNC