NOAA-Style klimatska poročila


Poročilo za 2015 junij
                   Monthly Climatological Summary for jun. 2015

Name: Vremenska postaja Okroglo   City: Kal nad Kanalom   State: Slovenija
Elevation: 770 m  Lat: N 46° 04' 21"   Lon: E 013° 44' 02"

                  Temperature (°C), Rain (mm), Wind Speed (km/h)

                                      Heat  Cool        Avg
    Mean                              Deg   Deg         Wind                 Dom
Day Temp  High   Time   Low    Time   Days  Days  Rain  Speed High   Time    Dir
----------------------------------------------------------------------------------
01  17,3  22,2   16:53  13,4   04:55   1,7   1,0   0,0   1,9  23,0   15:23   WSW
02  18,2  23,0   15:08  14,3   05:08   1,2   1,5   0,0   1,2  15,0   13:44   WSW
03  21,2  27,8   17:10  15,3   04:27   0,7   3,8   0,0   0,9  12,0   13:43     W
04  23,0  29,2   16:41  18,1   06:27   0,0   5,0   0,0   0,8  14,0   16:08   WSW
05  22,9  29,3   15:15  18,5   06:16   0,0   4,9   0,0   2,7  20,0   11:40    SW
06  23,2  29,4   16:10  18,6   06:00   0,0   6,0   0,0   0,1   9,0   09:20    SW
07  23,3  29,5   15:16  18,5   06:16   0,0   8,6   0,0   2,7  20,0   11:39   WSW
08  21,5  27,6   15:42  16,9   03:40   0,1   3,6   0,0   2,2  31,0   07:35     N
09  21,4  27,4   17:30  16,5   23:56   0,1   3,5   0,5   1,8  21,0   23:25    NE
10  19,8  27,8   16:35  15,4   06:46   0,7   2,6   0,0   2,7  23,0   10:49    SW
11  20,5  25,9   15:56  17,5   04:52   0,1   2,6   0,5   1,6  15,0   09:32    SW
12  20,4  25,0   15:22  16,9   05:26   0,2   2,6   0,0   2,5  21,0   14:51    SW
13  19,6  24,3   15:29  15,7   03:13   0,3   2,0   1,5   3,1  27,0   13:24    SW
14  17,9  22,3   10:51  13,8   23:13   0,8   0,8   4,7   0,4  17,0   19:47   WSW
15  15,9  19,0   14:00  13,3   22:03   2,2   0,1  23,3   2,6  27,0   13:34    SW
16  14,8  18,4   12:00  13,6   04:41   3,2   0,0   5,2   1,4  23,0   22:55     W
17  14,3  18,4   12:00  11,4   23:56   6,2   0,0   0,0  ----  23,0   22:53     W
18  14,7  20,8   18:14  10,2   04:32   3,5   0,3   0,0  ----  23,0   03:06   WSW
19  14,6  19,4   13:48  12,3   21:07   3,5   0,0   9,3  ----  27,0   13:17   SSW
20  12,6  16,1   17:40  10,6   14:54   5,5   0,0   4,7  ----  36,0   01:00    SW
21  13,5  18,2   16:54  10,2   05:12   4,5   0,0   0,0  ----  18,0   13:37   WSW
22  14,5  18,3   17:39  11,6   02:22   3,5   0,0   0,0  ----  15,0   16:59   WSW
23  12,6  15,4   10:09   8,4   23:39   5,4   0,0  67,3  ----  30,0   07:33    SW
24  13,6  21,7   17:48   8,2   00:12   4,7   0,3   0,0  ----  36,0   00:24   SSW
25  15,3  20,1   14:43  10,9   05:46   2,9   0,2   0,0  ----  18,0   14:58     W
26  17,6  22,2   15:03  12,4   06:46   1,5   1,1   0,0  ----  15,0   13:58     W
27  17,2  20,9   14:41  14,4   23:52   1,3   0,5   0,5  ----  19,0   18:48   WSW
28  18,2  25,8   13:50  13,5   05:29   1,6   1,8  12,4  ----  19,0   17:26     W
29  18,3  22,4   16:38  15,4   02:36   0,9   1,1   0,0  ----  11,0   01:21     W
30  20,0  25,3   14:41  15,8   03:32   0,5   2,5   0,0  ----  16,0   17:02     W
----------------------------------------------------------------------------------
    17,9  29,5     7     8,2    24    56,8  56,4 129,9   1,8  36,0    20     WSW

Max >=  30,0  0
Max <=   0,0  0
Min <=   0,0  0
Min <=  -5,0  0
Max Rain: 67,3 on day 23
Days of Rain: 8 (>= 1,0 mm)  3 (>= 10,0 mm)  2 (>= 20,0 mm)
Heat Base: 18,0  Cool Base: 18,0  Method: Integration
sucontract_SNC