NOAA-Style klimatska poročila


Poročilo za 2018 januar
                   Monthly Climatological Summary for jan 2018

Name: Vremenska postaja Okroglo   City: Kal nad Kanalom   State: Slovenija
Elevation: 770 m  Lat: N 46 04 21   Lon: E 013 44 04

                  Temperature (°C), Rain (mm), Wind Speed (km/h)

                                      Heat  Cool        Avg
    Mean                              Deg   Deg         Wind                 Dom
Day Temp  High   Time   Low    Time   Days  Days  Rain  Speed High   Time    Dir
----------------------------------------------------------------------------------
01   3,0   6,8   12:26   1,1   23:39  15,0   0,0  37,8   5,6  35,3   18:43    JV
02   3,2   8,9   14:52   0,9   03:22  14,8   0,0   5,2   1,7  16,9   01:05     J
03   2,0   4,1   10:06   0,9   10:58  16,0   0,0   0,5   3,5  32,4   13:00   JJZ
04   3,1   7,2   13:09   1,3   03:45  14,9   0,0   0,5   1,3  13,0   10:21    SZ
05   6,0   7,3   22:56   3,9   00:00  12,0   0,0  20,2   2,6  28,1   23:47    JZ
06   7,7   8,2   17:56   6,9   04:02  10,3   0,0  27,5  10,9  31,7   03:09   JJZ
07   8,4   9,2   18:25   7,6   03:15   9,6   0,0  10,9   8,9  31,3   19:26     J
08   8,8  11,4   13:01   7,8   05:37   9,2   0,0   0,5   0,9  14,8   00:55    JV
09   7,2   9,8   13:12   5,3   15:17  10,8   0,0  24,3   8,4  50,8   14:30     V
10   4,4   6,3   00:00   2,6   20:19  13,6   0,0   1,5   1,5  15,5   12:37   JJZ
11   2,9   4,6   14:22   1,0   05:24  15,1   0,0   0,0   8,8  42,8   10:07     V
12   3,8   7,2   12:35   2,1   04:08  14,2   0,0   0,0   9,5  39,6   02:24   VSV
13   3,0   5,6   11:05  -0,5   08:23  19,9   0,0   0,0   7,4  41,0   01:41    SV
14  -0,6   0,9   00:00  -2,4   22:50  18,7   0,0   0,0  10,7  38,2   19:25     V
15  -0,3   5,6   14:47  -3,4   08:20  18,3   0,0   0,0   4,1  35,3   05:29   SSV
16   0,6   1,3   12:23  -1,1   03:20  17,4   0,0   3,1   3,9  26,6   18:27   JJZ
17   2,4   7,8   12:03   0,3   03:41  15,6   0,0   1,0   1,9  24,1   16:22    SZ
18   2,2   6,1   12:36  -0,4   08:58  11,8   0,0   0,0   5,8  34,2   14:52   JJZ
19   2,8   4,1   10:56   0,7   23:59  15,2   0,0   2,1   4,9  32,8   23:35     J
20   1,8   9,2   13:50  -1,0   07:28  16,2   0,0   0,0   5,2  36,4   00:57     J
21   3,5  11,0   13:38   0,9   00:25  14,5   0,0   0,0  ----  46,4   14:57     S
22   2,0   8,6   12:51  -1,5   07:49  16,0   0,0   0,0  ----  32,8   02:39     J
23   3,6   8,8   14:23   0,3   00:49  14,4   0,0   0,0  ----  31,7   13:29    JV
24   5,3  12,3   12:28   2,6   07:52  12,7   0,0   0,0  ----  23,4   14:28   JJZ
25   2,8   3,6   11:39   1,8   03:44  15,2   0,0   0,0  ----  19,1   07:19    JZ
26   4,3   5,1   16:35   2,9   00:15  13,7   0,0   0,5  ----  31,7   11:54   JJZ
27   5,3   8,6   11:19   3,6   02:35  12,7   0,0   0,0  ----  18,0   00:02    JZ
28   5,8  12,3   12:42   3,6   07:57  12,2   0,0   0,0  ----  16,6   12:00    JZ
29   5,7  13,2   11:57   1,5   23:08  12,3   0,0   0,0  ----  14,4   14:22   JJZ
30   3,3   8,0   14:03   1,6   00:07  14,7   0,0   0,5  ----  18,4   00:40    JZ
31   2,6   3,1   00:00   2,3   04:14  15,5   0,0   4,1  ----  27,7   13:29   JJZ
----------------------------------------------------------------------------------
     3,8  13,2    29    -3,4    15   442,5   0,0 140,2   5,3  50,8     9      JV

Max >=  30,0  0
Max <=   0,0  0
Min <=   0,0  7
Min <=  -5,0  0
Max Rain: 37,8 on day 1
Days of Rain: 11 (>= 1,0 mm)  5 (>= 10,0 mm)  4 (>= 20,0 mm)
Heat Base: 18,0  Cool Base: 18,0  Method: Integration