NOAA-Style klimatska poročila


Poročilo za 2018 april
                   Monthly Climatological Summary for apr 2018

Name: Vremenska postaja Okroglo   City: Kal nad Kanalom   State: Slovenija
Elevation: 770 m  Lat: N 46 04 21   Lon: E 013 44 04

                  Temperature (°C), Rain (mm), Wind Speed (km/h)

                                      Heat  Cool        Avg
    Mean                              Deg   Deg         Wind                 Dom
Day Temp  High   Time   Low    Time   Days  Days  Rain  Speed High   Time    Dir
----------------------------------------------------------------------------------
01   5,9  11,6   13:28   3,8   06:43  12,1   0,0  13,5   4,7  29,5   15:23     J
02   7,6  13,3   12:12   3,6   06:49  10,4   0,0   0,5   6,4  31,7   14:16   JJZ
03   7,3  12,1   13:36   4,7   05:50  10,7   0,0   0,0   5,7  31,7   12:26    JZ
04   6,7   7,3   23:48   6,2   21:46  11,3   0,0   7,2   6,9  27,7   07:53   JJZ
05   7,9  11,6   15:00   6,1   06:09  10,1   0,0  16,1   3,5  31,3   00:53   JJZ
06  10,4  17,5   13:57   5,4   03:04   7,6   0,0   0,5   3,7  29,5   16:22   JJZ
07   9,9  15,6   15:57   5,1   07:02   8,1   0,0   0,0   6,8  31,7   05:41    JV
08  11,3  17,8   09:29   6,1   07:14   6,7   0,0   0,0   4,9  28,8   15:22    JZ
09  11,9  17,1   13:00   8,2   20:42   6,1   0,0   5,2   5,1  34,9   15:18   JJV
10   8,2   9,9   16:08   7,3   04:41   9,8   0,0  10,9  10,3  38,2   12:52     J
11  10,3  16,1   13:32   7,2   01:54   7,7   0,0   3,1   2,3  31,3   00:05   JJZ
12   8,7   9,9   15:30   7,4   23:51   9,3   0,0  45,6   3,1  28,4   07:13   VJV
13   9,1  13,0   16:50   7,3   00:28   8,9   0,0   2,1  12,0  42,1   07:18   JJZ
14  13,0  19,4   14:20   6,9   03:05   5,0   0,0   0,0   4,0  38,9   23:48    SV
15  14,7  18,2   11:50  12,0   23:59   3,3   0,0   4,2  10,9  42,1   19:52   VSV
16  13,5  17,9   10:54  11,1   08:01   4,2   0,0   7,8   3,8  32,0   03:41    SV
17  14,7  18,9   14:11  11,3   05:07   3,4   0,1   0,0   6,3  31,7   16:16    SV
18  15,9  21,2   13:47  10,9   06:34   2,7   0,6   0,0   4,8  26,6   12:10   VSV
19  17,0  22,6   13:49  11,7   05:35   2,2   1,2   0,0   3,6  24,5   10:50    SV
20  19,0  24,1   13:52  13,1   06:09   1,2   2,2   0,0   3,1  24,5   14:55   SSV
21  18,7  25,9   13:47  14,0   06:22   1,4   2,1   0,0   4,6  29,5   17:55    JZ
22  15,6  20,9   11:52  12,2   02:52   2,7   0,3   0,0   5,6  26,3   13:16   JJZ
23  16,1  22,4   11:52  11,8   04:01   2,7   0,8   0,0   3,9  25,6   15:47    JZ
24  16,6  23,0   15:09  12,4   06:04   2,1   0,7   0,0   4,5  29,2   16:06     J
25  15,8  21,3   13:34  12,8   05:28   2,5   0,3   0,0   5,3  28,8   14:49   JJZ
26  15,9  20,9   10:49   9,4   23:57   2,4   0,3   1,6   6,4  41,4   22:23     J
27  12,4  18,5   17:56   7,5   05:22   5,6   0,0   5,2   9,4  51,5   08:57   VSV
28  17,5  24,9   12:45  12,2   02:40   2,1   1,5   0,0   3,2  27,7   15:16   JJZ
29  18,1  24,9   12:07  13,6   06:15   1,4   1,6   0,0   4,2  26,6   15:51   JJZ
30  13,6  16,4   13:22  11,1   22:46   4,4   0,0   1,0  13,1  35,6   15:40     J
----------------------------------------------------------------------------------
    12,8  25,9    21     3,6     2   168,1  11,7 124,5   5,7  51,5    27       J

Max >=  30,0  0
Max <=   0,0  0
Min <=   0,0  0
Min <=  -5,0  0
Max Rain: 45,6 on day 12
Days of Rain: 13 (>= 1,0 mm)  4 (>= 10,0 mm)  1 (>= 20,0 mm)
Heat Base: 18,0  Cool Base: 18,0  Method: Integration