Nevihte Od: 27-05-2019 12:00 Do: 28-05-2019 07:59 Opozorilo za: Nevihte Stopnja: Rumena info button

NOAA-Style klimatska poročila


Poročilo za 2018 junij
                   Monthly Climatological Summary for jun 2018

Name: Vremenska postaja Okroglo   City: Kal nad Kanalom   State: Slovenija
Elevation: 770 m  Lat: N 46 04 21   Lon: E 013 44 04

                  Temperature (°C), Rain (mm), Wind Speed (km/h)

                                      Heat  Cool        Avg
    Mean                              Deg   Deg         Wind                 Dom
Day Temp  High   Time   Low    Time   Days  Days  Rain  Speed High   Time    Dir
----------------------------------------------------------------------------------
01  20,1  25,9   13:24  16,3   05:19   0,2   2,3   0,0   5,4  27,7   13:48     J
02  19,7  25,4   11:55  15,3   06:05   0,6   2,3   0,0   2,6  27,4   15:45   JJZ
03  20,5  26,2   13:34  15,3   04:37   0,6   3,1   0,0   2,0  19,8   17:09   ZJZ
04  20,4  27,1   13:10  16,2   04:15   0,3   2,7   0,0   3,2  27,7   15:58   JJZ
05  18,2  26,0   11:17  15,2   14:41   1,0   1,2   5,7   1,4  18,4   14:41     J
06  20,4  24,9   10:43  15,4   04:55   0,5   3,6   0,0   1,8  18,0   14:52   JJZ
07  17,5  20,6   10:52  14,4   06:47   1,0   0,5   4,7   1,2  16,9   04:53     J
08  18,4  23,2   16:55  13,9   22:40   0,9   1,2  20,2   4,2  33,5   22:30   VSV
09  18,8  26,4   13:45   0,0   00:35   0,9   1,7  35,7   3,4  32,8   15:38   VSV
10  21,4  26,1   12:07  16,4   05:27   0,1   3,6   0,0   2,1  18,4   14:53    JZ
11  22,3  27,9   12:38  17,7   07:05   0,0   4,3   0,0   3,2  26,3   18:11    JZ
12  20,9  26,5   13:11  13,4   23:33   0,1   3,1   8,8   3,9  46,1   23:14   JJZ
13  16,7  20,2   16:02  13,6   00:39   1,7   0,4   3,6   2,6  29,9   23:04     S
14  16,8  20,8   15:56  13,8   23:52   1,6   0,4   0,0   7,8  38,2   05:09    SV
15  17,1  21,8   13:09  13,4   01:05   1,7   0,8   0,0   6,3  29,2   07:41   VSV
16  19,0  24,3   13:37  14,6   06:31   0,9   1,9   0,0   4,4  27,0   10:34    SV
17  19,8  24,3   15:52  15,3   05:34   0,6   2,3   0,0   2,7  26,3   11:46    SV
18  20,9  26,2   13:06  16,9   00:59   0,1   3,0   0,0   2,8  57,6   10:40   SSV
19  21,5  27,3   12:32  17,2   05:27   0,1   3,6   0,0   4,0  27,0   10:16   VSV
20  21,6  25,3   14:56  17,8   05:50   0,0   3,6   0,0   5,7  29,2   00:57   VSV
21  22,3  27,6   12:59  18,6   06:23   0,0   4,3   0,0   4,4  30,6   15:29   JJZ
22  13,9  19,3   00:00   9,9   23:57   4,1   0,0  37,3   9,5  39,2   14:40   VJV
23  14,6  21,9   13:33   9,9   00:00   3,6   0,2   0,0   5,4  29,5   01:19   JJZ
24  15,7  21,5   12:23  12,4   05:55   2,6   0,3   4,1   3,4  24,5   12:43    JZ
25  13,4  17,4   15:16  10,8   01:52   4,6   0,0  15,0   6,7  34,2   23:52     V
26  16,5  21,5   13:39  11,9   00:44   2,3   0,8   0,0   7,3  30,2   09:02    SV
27  16,5  21,5   12:33  14,1   06:18   1,8   0,3   1,6   6,4  35,3   16:02     S
28  16,6  20,5   15:36  14,4   03:52   1,8   0,4   0,0   1,0  15,1   00:09   SSV
29  19,3  24,5   13:24  14,9   01:35   0,7   2,0   0,0   1,4  19,8   15:40   ZJZ
30  21,8  27,9   12:09  17,2   23:57   0,0   3,8   1,6   5,3  35,6   21:38     J
----------------------------------------------------------------------------------
    18,8  27,9    11     0,0     9    34,4  57,7 138,3   4,1  57,6    18       V

Max >=  30,0  0
Max <=   0,0  0
Min <=   0,0  1
Min <=  -5,0  0
Max Rain: 37,3 on day 22
Days of Rain: 11 (>= 1,0 mm)  4 (>= 10,0 mm)  3 (>= 20,0 mm)
Heat Base: 18,0  Cool Base: 18,0  Method: Integration