Nevihte Od: 27-05-2019 12:00 Do: 28-05-2019 07:59 Opozorilo za: Nevihte Stopnja: Rumena info button

NOAA-Style klimatska poročila


Poročilo za 2018 november
                   Monthly Climatological Summary for nov 2018

Name: Vremenska postaja Okroglo   City: Kal nad Kanalom   State: Slovenija
Elevation: 770 m  Lat: N 46 04 21   Lon: E 013 44 03

                  Temperature (°C), Rain (mm), Wind Speed (km/h)

                                      Heat  Cool        Avg
    Mean                              Deg   Deg         Wind                 Dom
Day Temp  High   Time   Low    Time   Days  Days  Rain  Speed High   Time    Dir
----------------------------------------------------------------------------------
01  10,7  12,7   12:45   8,9   04:05   7,6   0,0  18,7   6,2  50,8   12:30   JJV
02  11,5  12,4   00:10  10,4   07:25   6,8   0,0  29,0   3,9  31,7   00:05   VJV
03  13,3  16,8   12:25  11,8   00:50   5,0   0,0   0,0   5,5  34,9   21:40    SV
04  13,0  18,2   14:15  11,3   23:00   5,3   0,0   0,0   6,2  43,6   04:55    SV
05  11,2  12,1   13:30  10,5   10:45   7,1   0,0   3,1   4,3  30,2   05:55   VJV
06  12,0  13,5   12:05  11,1   02:30   6,3   0,0  17,6   3,0  26,6   11:20     J
07  12,1  14,6   13:35  10,4   21:40   6,2   0,0   0,5   2,3  21,6   02:45     J
08  11,6  17,8   12:45   9,1   23:30   6,7   0,0   0,0   1,6  20,9   14:05   JJZ
09  11,7  19,5   12:33   8,7   05:05   6,3   0,0   0,0   2,3  16,2   13:11    JZ
10   8,5   9,8   00:00   7,8   06:39   9,5   0,0   0,0   4,1  23,0   11:12   JJZ
11   9,8  10,6   23:52   8,5   01:57   8,6   0,0   1,0   4,9  25,9   14:16    JZ
12  10,6  12,3   14:35   9,4   22:50   7,7   0,0   0,0   7,4  80,6   13:40    JZ
13   9,5   9,9   09:24   8,1   22:00   8,9   0,0   2,6   4,6  18,6   04:17    JZ
14   9,2  12,1   14:25   7,0   22:10   9,1   0,0   0,0   5,3  33,8   10:40   VJV
15   7,5  10,6   13:54   5,2   23:22  10,5   0,0   0,0  10,6  38,2   00:51   VJV
16   5,3   8,6   11:55   3,5   22:35  13,0   0,0   0,0   9,2  41,8   12:45    SV
17   3,4   8,1   12:40   0,6   23:30  14,9   0,0   0,0  14,7  57,2   20:50    SV
18   1,1   3,9   13:40  -0,4   23:15  17,2   0,0   0,0  13,7  63,0   03:40    SV
19  -0,4   1,6   13:30  -1,9   23:40  18,7   0,0   0,0  13,0  52,9   15:00    SV
20  -0,7   1,3   21:45  -1,9   00:00  19,0   0,0   0,5  16,0  64,1   11:05   VSV
21   3,0   4,9   14:15   0,8   00:10  15,3   0,0   1,5   6,7  34,6   00:15    SZ
22   4,0   4,6   11:45   2,8   00:20  14,3   0,0   2,1   2,5  16,6   17:05    SZ
23   5,5   8,3   13:29   3,6   01:59  13,1   0,0   5,7   0,5  13,3   22:06    SZ
24   8,8  10,4   09:52   4,4   00:36   9,5   0,0  48,2  14,2  59,8   10:08     J
25   6,5   8,7   00:00   5,5   23:28  11,5   0,0   3,6   5,9  33,5   12:04    SV
26   4,8   5,9   12:48   3,9   06:57  13,0   0,0   5,7   5,4  25,6   20:53   VJV
27   4,5   8,8   21:24   3,5   20:55  13,5   0,0   0,5   9,1  37,1   15:51   VSV
28   0,5   3,8   00:18  -2,9   23:51  17,5   0,0   0,0  10,3 149,8   10:24   VJV
29  -2,5   0,8   14:03  -3,8   07:44  20,5   0,0   0,5  15,7  62,6   23:10   VSV
30  -2,1   0,6   12:43  -4,1   02:12  20,1   0,0   0,0   8,2  53,3   01:45    SV
----------------------------------------------------------------------------------
     6,8  19,5     9    -4,1    30   342,7   0,0 140,8   7,2 149,8    28       V

Max >=  30,0  0
Max <=   0,0  0
Min <=   0,0  6
Min <=  -5,0  0
Max Rain: 48,2 on day 24
Days of Rain: 12 (>= 1,0 mm)  4 (>= 10,0 mm)  2 (>= 20,0 mm)
Heat Base: 18,0  Cool Base: 18,0  Method: Integration