NOAA-Style klimatska poročila


Poročilo za 2019 april
                   Monthly Climatological Summary for apr 2019

Name: Vremenska postaja Okroglo   City: Kal nad Kanalom   State: Slovenija
Elevation: 770 m  Lat: N 46 04 21   Lon: E 013 44 03

                  Temperature (°C), Rain (mm), Wind Speed (km/h)

                                      Heat  Cool        Avg
    Mean                              Deg   Deg         Wind                 Dom
Day Temp  High   Time   Low    Time   Days  Days  Rain  Speed High   Time    Dir
----------------------------------------------------------------------------------
01  13,3  17,9   14:01   9,9   07:43   4,7   0,0   0,0   9,6  40,0   02:54     V
02  12,4  20,6   14:07   8,8   07:31   5,7   0,1   0,0   8,4  39,2   07:28    JV
03   9,4  12,9   12:15   7,3   06:26   8,6   0,0   0,0   5,8  40,3   12:52   JJZ
04   9,3  11,5   16:49   7,3   06:44   8,7   0,0  11,9   9,7  42,5   22:59   JJV
05   6,5   8,8   00:42   3,9   20:31  11,5   0,0  32,6   6,3  35,6   05:56     V
06   6,1   8,6   14:17   4,0   02:41  11,8   0,0   0,5   1,3  12,2   00:27   JJZ
07   8,5  15,3   12:43   5,2   06:52   9,5   0,0   0,0   2,9  22,7   14:16   JJZ
08   9,1  11,3   16:37   6,9   04:31   8,9   0,0   0,5   1,4  21,2   13:05     S
09  10,8  16,2   12:24   9,3   02:42   7,2   0,0   2,1   2,4  22,0   13:21    SV
10   9,7  12,2   14:15   8,4   09:33   8,3   0,0   2,1   4,5  29,5   10:13   VSV
11   7,7  10,4   14:17   5,6   23:20  10,3   0,0   5,2   4,9  27,0   12:58   VSV
12   5,4   9,3   15:10   3,3   23:23  12,6   0,0   0,0   7,1  30,6   01:24   VJV
13   4,7   7,9   16:46  -0,1   04:43  13,3   0,0   0,0   8,8  36,4   23:32   VJV
14   4,4   7,6   13:53   1,1   02:17  13,6   0,0   2,6  12,2  45,4   16:16   VSV
15   8,9  13,6   12:39   4,4   00:00   9,1   0,0   0,0   7,4  31,3   00:01    SV
16  10,5  16,6   12:49   6,2   06:20   7,5   0,0   0,0   5,0  27,7   00:22   JJZ
17  12,0  19,0   13:43   7,0   05:57   6,0   0,0   4,1   3,1  28,1   23:09    JZ
18  11,7  16,4   13:52   5,5   12:21   6,3   0,0   0,0   6,9  32,8   15:04     V
19  12,7  17,9   13:23   8,0   07:14   5,3   0,0   0,0   4,9  34,9   10:56   VSV
20  14,9  21,3   13:50   9,1   06:36   3,6   0,5   0,0   3,3  31,3   18:00    SZ
21  14,2  22,1   13:14  10,1   05:41   4,2   0,4   0,0   4,9  29,9   14:30   JJZ
22  12,6  19,1   12:57   8,4   07:06   5,5   0,0   0,0   4,9  29,5   15:55    JZ
23   8,9  10,8   23:49   8,3   16:33   9,1   0,0  33,2   1,1  31,0   16:43   VSV
24  11,6  14,7   15:04  10,3   06:32   6,4   0,0  14,5  ----  38,9   11:13     J
25  13,1  17,6   13:45  10,3   06:31   4,9   0,0   0,0  ----  29,9   14:21    JZ
26  12,3  16,9   13:36   7,5   23:45   5,7   0,0   9,3  ----  37,4   16:30   JJZ
27   9,8  14,8   12:58   6,2   07:22   8,2   0,0   6,7  ----  31,7   14:12     J
28   6,4   8,9   00:00   4,2   11:11  11,6   0,0  51,3  ----  37,8   11:36    SV
29   6,9  10,7   12:37   5,1   04:28  11,1   0,0   1,6  ----  31,7   01:05   SSV
30   8,8  12,3   16:19   5,8   06:10   9,2   0,0   0,0  ----  11,2   13:42   ZSZ
----------------------------------------------------------------------------------
     9,8  22,1    21    -0,1    13   248,4   1,0 178,2   5,7  45,4    14     VJV

Max >=  30,0  0
Max <=   0,0  0
Min <=   0,0  1
Min <=  -5,0  0
Max Rain: 51,3 on day 28
Days of Rain: 13 (>= 1,0 mm)  5 (>= 10,0 mm)  3 (>= 20,0 mm)
Heat Base: 18,0  Cool Base: 18,0  Method: Integration
sucontract_SNC