NOAA-Style klimatska poročila


Poročilo za 2019 maj
                   Monthly Climatological Summary for maj 2019

Name: Vremenska postaja Okroglo   City: Kal nad Kanalom   State: Slovenija
Elevation: 770 m  Lat: N 46° 04' 21"   Lon: E 013° 44' 02"

                  Temperature (°C), Rain (mm), Wind Speed (km/h)

                                      Heat  Cool        Avg
    Mean                              Deg   Deg         Wind                 Dom
Day Temp  High   Time   Low    Time   Days  Days  Rain  Speed High   Time    Dir
----------------------------------------------------------------------------------
01  12,1  18,3   11:44   7,4   05:39   5,9   0,0   0,0   4,8  30,0   16:22   SSW
02  12,3  16,9   12:37   9,5   06:17   5,6   0,0   0,0   8,0  38,0   13:35   SSW
03   8,4   9,9   00:10   7,3   11:38   9,6   0,0  38,3   6,0  31,0   08:19     S
04   8,5  10,8   16:40   7,2   00:00   9,5   0,0   5,7   1,5  15,0   13:49     W
05   4,8   8,1   00:00   2,3   10:22  13,2   0,0  16,1  12,5  45,0   10:30    NE
06   7,2  12,8   12:44   3,3   00:25  10,8   0,0   0,0   4,9  32,0   00:28   NNE
07   6,8  10,9   13:56   3,1   02:25  11,2   0,0   0,0   3,8  30,0   13:44    SW
08   7,8  11,1   12:30   5,6   06:14  10,1   0,0   7,3   4,8  32,0   21:31    SW
09   7,8  11,4   19:02   6,0   10:01  10,2   0,0  42,5   4,9  40,0   04:18    SW
10  11,2  16,4   11:28   7,3   00:00   6,8   0,0   0,0   3,6  26,0   16:02    SW
11  12,2  23,3   15:31   9,4   05:35   5,8   0,0   0,5   4,4  28,0   15:33   SSW
12   9,2  11,0   22:47   6,4   06:16   8,8   0,0  21,8  14,7  50,0   20:57   NNE
13  10,1  11,7   14:43   9,2   06:29   7,9   0,0   0,5  17,2  57,0   07:38   NNE
14   7,7  10,9   13:40   4,9   20:29  10,3   0,0   0,0  10,4  42,0   13:11    NE
15   5,7   8,5   18:12   2,8   03:05  12,3   0,0   3,6   5,9  30,0   12:08     N
16   8,7  13,0   17:23   4,7   04:57   9,3   0,0   0,0   6,1  33,0   23:29   ESE
17  10,4  15,3   12:57   5,9   04:33   7,6   0,0   0,0   5,2  30,0   07:25    SE
18  10,1  13,5   12:39   8,6   05:56   7,8   0,0   5,2   6,4  37,0   04:13   NNE
19  11,0  13,2   11:33   9,5   01:57   6,9   0,0   7,3   2,8  23,0   13:25   SSW
20   9,2  11,1   11:50   8,5   19:27   8,8   0,0  21,8  11,1  48,0   16:01     S
21   9,3  10,1   17:24   8,4   07:11   8,6   0,0  11,9  10,2  35,0   03:11     S
22  11,9  16,4   14:56   9,6   00:00   6,1   0,0   2,6   3,2  28,0   17:03   SSW
23  14,6  21,1   12:28   9,6   05:08   3,6   0,2   0,0   2,6  26,0   12:48    SW
24  15,7  23,1   13:35  11,6   06:56   2,9   0,6   1,0   5,2  30,0   17:24   SSW
25  15,6  21,1   12:41  12,1   05:08   2,8   0,4   2,6   2,2  22,0   14:49   WSW
26  14,8  21,2   12:15  11,5   05:36   3,4   0,3   3,1   1,9  21,0   14:12    NE
27  11,9  13,3   00:00  10,8   13:15   6,1   0,0  17,6   2,6  28,0   21:06    NE
28  12,0  14,1   14:29  10,9   23:59   6,0   0,0  41,4   2,4  25,0   23:55     S
29   9,5  11,0   00:01   7,4   07:29   8,5   0,0  32,1   9,3  47,0   08:17    NE
30  10,9  13,5   17:04   8,3   05:34   7,1   0,0   0,5   4,6  24,0   08:29    SE
31  14,5  20,8   12:29   9,1   05:26   3,8   0,3   0,0   1,9  23,0   13:53    NW
----------------------------------------------------------------------------------
    10,4  23,3    11     2,3     5   237,3   1,8 283,4   6,0  57,0    13     ESE

Max >=  30,0  0
Max <=   0,0  0
Min <=   0,0  0
Min <=  -5,0  0
Max Rain: 42,5 on day 9
Days of Rain: 18 (>= 1,0 mm)  9 (>= 10,0 mm)  6 (>= 20,0 mm)
Heat Base: 18,0  Cool Base: 18,0  Method: Integration
sucontract_SNC