NOAA-Style klimatska poročila


Poročilo za 2019 junij
                   Monthly Climatological Summary for jun. 2019

Name: Vremenska postaja Okroglo   City: Kal nad Kanalom   State: Slovenija
Elevation: 770 m  Lat: N 46° 04' 21"   Lon: E 013° 44' 02"

                  Temperature (°C), Rain (mm), Wind Speed (km/h)

                                      Heat  Cool        Avg
    Mean                              Deg   Deg         Wind                 Dom
Day Temp  High   Time   Low    Time   Days  Days  Rain  Speed High   Time    Dir
----------------------------------------------------------------------------------
01  19,0  25,1   13:42  12,6   05:12   1,3   2,3   0,0   2,7  21,0   11:29    NW
02  19,4  26,6   11:53  15,5   04:12   0,8   2,1  10,4   2,7  26,0   18:14    SW
03  20,7  26,4   12:19  14,9   03:26   0,6   3,3   0,0   2,3  20,0   15:51     W
04  19,3  26,1   11:50  16,3   05:12   0,4   1,7   5,7   2,3  23,0   14:04   SSW
05  18,2  21,6   11:31  16,1   05:16   0,7   0,9   2,1   3,7  21,0   17:40    SW
06  16,6  20,7   11:46  13,9   06:31   1,7   0,3   1,6   6,9  29,0   16:09   SSW
07  17,1  20,9   13:15  13,9   03:57   1,5   0,6   0,0   6,8  34,0   14:56   SSW
08  19,6  24,3   10:50  14,7   00:46   0,9   2,4   0,0   5,4  31,0   13:48   SSW
09  21,2  28,1   13:44  15,9   04:34   0,5   3,6   0,0   5,0  39,0   03:22    NE
10  23,1  27,9   17:31  19,1   04:33   0,0   5,1   0,0   5,3  32,0   06:55   NNW
11  23,1  29,0   15:47  19,9   06:04   0,0   5,1   0,0   7,4  38,0   00:28    NE
12  22,5  27,2   13:18  19,1   05:35   0,0   4,5   0,0   6,6  35,0   01:56     N
13  21,0  24,8   13:15  17,5   23:27   0,0   3,0   0,0   6,6  31,0   16:05   SSW
14  23,5  29,9   13:40  17,2   00:31   0,1   5,6   0,0   1,9  17,0   14:19   WSW
15  24,2  30,6   13:19  20,0   06:44   0,0   6,2   0,0   3,8  32,0   08:41   SSW
16  24,0  30,2   12:29  18,8   05:21   0,0   6,0   0,0   3,8  34,0   23:54     S
17  20,1  24,9   13:15  17,0   06:34   0,1   2,2   0,0  10,1  44,0   00:29    NE
18  19,8  25,9   13:34  16,4   18:42   0,2   2,0  22,0   5,6  28,0   01:04    NE
19  19,8  26,5   13:33  16,5   20:46   0,5   2,3  14,0   3,2  36,0   17:51   SSW
20  21,3  28,1   13:15  17,1   04:02   0,1   3,4   0,0   3,7  31,0   16:43   SSW
21  22,1  27,7   13:52  17,2   04:53   0,1   4,1   0,0   2,9  26,0   15:04    SW
22  18,4  20,8   17:39  15,7   23:58   0,4   0,8  11,4   4,8  33,0   06:52   NNE
23  19,6  24,3   11:12  14,5   03:32   0,9   2,5   0,0   2,3  19,0   12:47   WNW
24  22,4  28,4   12:16  17,3   05:40   0,1   4,4   0,0   2,7  21,0   09:53     W
25  23,3  27,2   16:21  19,4   04:40   0,0   5,3   0,0   5,8  31,0   11:48    SE
26  25,4  29,8   16:15  20,9   04:06   0,0   7,4   0,0   4,4  29,0   09:52   ESE
27  28,3  33,9   12:50  22,7   05:19   0,0  10,3   0,0   1,6  13,0   15:46    NW
28  24,1  28,1   14:45  20,2   23:56   0,0   6,1   0,0   9,1  43,0   05:06    SE
29  21,7  26,4   14:50  17,3   06:39   0,0   3,8   0,0   8,1  37,0   03:46   SSE
30  24,5  32,4   13:09  17,9   04:00   0,0   6,4   0,0   4,9  30,0   05:27     W
----------------------------------------------------------------------------------
    21,4  33,9    27    12,6     1    10,9 113,7  67,2   4,8  44,0    17       S

Max >=  30,0  4
Max <=   0,0  0
Min <=   0,0  0
Min <=  -5,0  0
Max Rain: 22,0 on day 18
Days of Rain: 7 (>= 1,0 mm)  4 (>= 10,0 mm)  1 (>= 20,0 mm)
Heat Base: 18,0  Cool Base: 18,0  Method: Integration
sucontract_SNC