NOAA-Style klimatska poročila


Poročilo za 2019 september
                   Monthly Climatological Summary for sep 2019

Name: Vremenska postaja Okroglo   City: Kal nad Kanalom   State: Slovenija
Elevation: 770 m  Lat: N 46 04 21   Lon: E 013 44 03

                  Temperature (°C), Rain (mm), Wind Speed (km/h)

                                      Heat  Cool        Avg
    Mean                              Deg   Deg         Wind                 Dom
Day Temp  High   Time   Low    Time   Days  Days  Rain  Speed High   Time    Dir
----------------------------------------------------------------------------------
01  21,9  30,2   12:59  17,4   16:11   0,0   3,9  15,5   3,4  35,3   15:53   JJV
02  19,1  23,9   14:08  15,9   23:51   0,3   1,5  12,9   5,5  34,6   21:10   VSV
03  15,7  19,2   14:14  13,2   03:48   2,5   0,1  10,9   9,9  42,5   08:32   VJV
04  16,2  21,5   14:01  11,8   06:43   2,4   0,6   0,0   7,8  40,0   09:54    JV
05  17,9  23,1   13:08  13,9   03:29   1,3   1,2   0,0   8,5  31,3   03:30    JV
06  14,9  17,4   00:50  11,9   16:39   3,1   0,0   9,3  13,2  47,9   09:02    SV
07  14,0  23,3   12:33  12,2   00:30   4,0   0,0   5,7   7,4  37,4   00:42    SV
08  12,0  13,3   00:00  11,1   17:35   5,9   0,0  24,9   7,8  38,5   13:50    SV
09  12,1  17,4   12:40   8,9   06:55   6,1   0,0   6,7   4,4  31,3   00:56   JJZ
10  14,8  21,7   14:28   9,8   06:53   3,5   0,4   0,0   3,5  27,4   23:57    JZ
11  15,4  21,1   21:21  12,9   05:31   2,6   0,0   0,0   9,4  34,6   02:42     V
12  18,3  23,7   13:44  14,4   02:04   1,2   1,5   0,0   5,3  29,5   01:20    SV
13  19,6  27,1   13:37  15,5   06:28   0,8   2,4   0,0   3,9  22,0   01:42   ZJZ
14  19,1  23,5   13:51  16,2   02:46   0,4   1,5   0,0   4,8  24,5   09:26     J
15  19,5  27,3   13:51  15,5   06:50   0,6   2,1   0,0   3,9  25,9   05:29   ZJZ
16  19,9  26,9   13:48  16,3   05:39   0,4   2,4   0,0   2,4  19,8   15:13    JZ
17  18,6  22,8   11:55  16,9   06:39   0,3   0,9   0,0   3,0  22,0   16:16   JJZ
18  13,9  17,4   01:23  10,1   19:43   4,1   0,0   0,0   9,5  42,1   13:30     V
19  12,1  15,8   14:14   9,5   23:57   5,9   0,0   0,0  12,3  49,3   07:57   VSV
20  10,3  15,4   14:02   6,7   06:50   7,7   0,0   0,0   7,5  38,5   04:13   VSV
21  12,2  17,6   14:28   8,4   06:45   5,8   0,0   0,0   7,0  41,0   04:08   VJV
22  12,4  18,0   12:04  10,2   05:01   5,6   0,0   0,5   3,1  24,1   13:28   JJZ
23  14,0  16,5   13:19  12,9   05:36   4,0   0,0  16,1   3,3  28,1   21:30    JV
24  15,6  22,5   13:45  12,8   06:32   2,9   0,4   0,0   3,3  19,8   03:52   ZJZ
25  14,0  17,1   09:28   4,4   06:51   4,0   0,0   7,8   1,5  22,0   23:51   ZJZ
26  15,1  21,9   14:05   9,5   05:14   3,5   0,6   1,0   3,1  32,4   01:34   ZJZ
27  15,4  20,8   11:13  12,4   06:51   2,8   0,2   0,0   3,3  22,0   15:07    JZ
28  15,3  18,1   15:02  13,8   00:00   2,6   0,0   0,5   3,8  26,6   18:56   JJZ
29  15,6  19,8   12:17  13,9   07:48   2,4   0,0   0,5   8,0  33,5   16:04     J
30  15,4  18,4   14:15  14,4   04:49   2,6   0,0   0,0   9,7  33,1   03:01     J
----------------------------------------------------------------------------------
    15,7  30,2     1     4,4    25    89,3  19,7 112,3   6,0  49,3    19     VJV

Max >=  30,0  1
Max <=   0,0  0
Min <=   0,0  0
Min <=  -5,0  0
Max Rain: 24,9 on day 8
Days of Rain: 10 (>= 1,0 mm)  5 (>= 10,0 mm)  1 (>= 20,0 mm)
Heat Base: 18,0  Cool Base: 18,0  Method: Integration
sucontract_SNC