NOAA-Style klimatska poročila


Poročilo za 2019 oktober
                   Monthly Climatological Summary for okt 2019

Name: Vremenska postaja Okroglo   City: Kal nad Kanalom   State: Slovenija
Elevation: 770 m  Lat: N 46 04 21   Lon: E 013 44 03

                  Temperature (°C), Rain (mm), Wind Speed (km/h)

                                      Heat  Cool        Avg
    Mean                              Deg   Deg         Wind                 Dom
Day Temp  High   Time   Low    Time   Days  Days  Rain  Speed High   Time    Dir
----------------------------------------------------------------------------------
01  15,6  18,7   15:14  14,6   23:43   2,4   0,0   0,0   2,8  21,6   20:13   JJZ
02  13,7  22,2   10:30  10,8   23:41   4,2   0,0  25,4   8,3  41,4   07:27     J
03   9,9  13,3   16:23   7,1   23:43   8,1   0,0   2,6   7,2  32,8   12:07   VSV
04   9,1  15,3   12:13   5,3   05:01   8,9   0,0   0,0   4,3  25,2   05:09    JZ
05  10,6  14,4   13:37   8,1   08:22   7,4   0,0   0,0   2,2  16,9   13:08   ZJZ
06   9,0  10,8   14:56   6,8   04:00   8,9   0,0   0,0   5,4  32,8   19:52     Z
07   8,3  11,8   14:27   6,2   23:53   9,6   0,0   0,0  10,9  41,4   06:17     V
08   9,6  17,1   14:04   5,3   06:43   8,4   0,0   0,0   6,9  38,2   02:26   JJZ
09  10,1  11,9   12:37   7,8   00:47   7,9   0,0  16,6   6,0  33,5   18:50   JJZ
10  11,5  14,2   14:05  10,3   23:49   6,5   0,0   3,6   4,5  32,8   20:42    JZ
11  12,6  20,3   14:28   9,0   05:08   5,4   0,1   0,0   5,6  32,8   04:37    JZ
12  11,8  14,9   15:12   9,8   07:04   6,2   0,0   0,0   5,6  24,8   14:48    JZ
13  12,5  16,8   13:04  10,2   06:43   5,5   0,0   0,0   3,8  20,5   15:31    JZ
14  12,5  14,8   13:34  11,4   04:38   5,5   0,0   0,0   2,7  15,1   12:07   ZJZ
15  12,4  13,9   16:50   5,5   18:41   5,6   0,0   3,6   5,5  35,3   23:59   JJZ
16  13,3  16,9   14:04  11,1   23:26   5,0   0,0   6,7   8,4  36,0   00:35     J
17  12,2  16,4   15:56   9,9   07:47   6,0   0,0   0,0   4,2  22,3   12:19   JJZ
18  12,0  13,5   13:10  11,1   05:37   6,0   0,0   0,0   6,7  27,4   00:48   JJZ
19  12,2  12,9   23:28  11,6   03:22   5,8   0,0  17,6  10,8  28,4   04:46     J
20  13,6  17,2   16:34  12,0   07:21   4,4   0,0   0,5   3,2  27,0   23:17   JJZ
21  14,1  20,5   01:47  11,1   10:34   3,9   0,0   0,0   3,2  22,3   00:59    JZ
22  17,1  23,4   13:57  13,3   02:31   1,9   1,1   0,0   1,5  13,7   12:18   ZJZ
23  18,4  26,1   13:07  15,1   08:14   1,2   1,6   0,0   1,6  19,4   14:29    JZ
24  15,4  21,3   13:14  12,6   07:57   2,9   0,2   0,0   2,0  23,0   14:15    JZ
25  16,1  22,9   13:45  11,9   05:18   2,7   0,8   0,0   1,9  29,2   23:47     J
26  16,3  23,1   14:06  12,9   07:10   2,6   0,9   0,0   3,6  32,8   00:39    JZ
27  15,2  20,9   12:53  12,5   05:12   3,2   0,2   0,0   2,6  18,4   13:39    JZ
28  13,3  16,1   12:10  11,4   23:58   4,7   0,0   0,0   5,7  34,9   19:30   VSV
29   8,5  11,5   00:00   4,6   23:58   9,4   0,0   7,3   8,0  42,1   19:43    SV
30   5,1   6,5   12:52   3,8   23:35  13,3   0,0   0,0  15,2  59,4   18:08     V
31   3,6   5,4   14:03   2,6   06:51  14,4   0,0   0,5  14,9  51,5   11:41     V
----------------------------------------------------------------------------------
    12,1  26,1    23     2,6    31   187,9   4,9  84,4   5,6  59,4    30       J

Max >=  30,0  0
Max <=   0,0  0
Min <=   0,0  0
Min <=  -5,0  0
Max Rain: 25,4 on day 2
Days of Rain: 8 (>= 1,0 mm)  3 (>= 10,0 mm)  1 (>= 20,0 mm)
Heat Base: 18,0  Cool Base: 18,0  Method: Integration
sucontract_SNC