NOAA-Style klimatska poročila


Poročilo za 2019 november
                   Monthly Climatological Summary for nov. 2019

Name: Vremenska postaja Okroglo   City: Kal nad Kanalom   State: Slovenija
Elevation: 770 m  Lat: N 46° 04' 21"   Lon: E 013° 44' 02"

                  Temperature (°C), Rain (mm), Wind Speed (km/h)

                                      Heat  Cool        Avg
    Mean                              Deg   Deg         Wind                 Dom
Day Temp  High   Time   Low    Time   Days  Days  Rain  Speed High   Time    Dir
----------------------------------------------------------------------------------
01   4,1   6,9   13:59   2,3   07:05  13,9   0,0   2,6  10,3  51,0   02:09   ENE
02   7,4   9,0   23:53   4,5   00:10  10,5   0,0  19,2   0,6  11,0   03:46   SSW
03  12,1  14,2   13:42   8,8   00:21   5,9   0,0  48,7  22,2  54,0   19:51   SSE
04  10,2  12,6   11:40   8,4   18:28   7,8   0,0  20,7  10,1  31,0   13:17     S
05  10,8  11,9   08:30   8,9   19:49   4,8   0,0  58,5  17,0  56,0   00:23   SSW
06   7,9  12,4   11:25   5,8   20:03  10,5   0,0   8,8   7,1  36,0   12:12     S
07   6,7  11,5   11:32   4,2   04:30  11,3   0,0   0,0   3,5  23,0   14:21   SSW
08   6,3   8,8   16:09   5,6   00:38  11,7   0,0  35,8   5,9  40,0   15:24    NE
09   5,5   6,9   03:26   3,8   20:13  12,4   0,0  17,1   4,5  29,0   09:37     S
10   5,8   9,8   13:55   3,9   23:08  12,1   0,0   0,0   5,1  29,0   04:37     E
11   5,0   6,4   17:26   3,3   06:42  12,9   0,0   5,7   4,0  23,0   13:55   NNW
12   5,7   6,4   16:34   5,0   06:13  12,3   0,0  43,5  10,5  48,0   16:32    NE
13   6,0   6,9   11:48   3,9   23:57  12,0   0,0  45,6  12,0   8,0   00:00   NNE
14   4,5   8,4   11:36   3,1   02:06  13,5   0,0   0,0   8,6  28,0   17:50     N
15   7,4  11,5   19:56   4,2   00:00  10,6   0,0  28,0  10,9  64,0   22:09    SE
16   8,3  10,6   12:50   6,8   21:57   9,7   0,0  11,9   8,0  41,0   23:15   SSE
17   8,6  10,5   14:24   0,3   06:08   9,3   0,0  31,1   9,0  41,0   00:48   ENE
18   5,7   8,2   14:23   4,2   07:07  12,2   0,0  11,9   4,2  34,0   00:38   SSW
19   7,1   8,9   10:57   5,9   05:15  10,9   0,0  17,1   5,4  33,0   03:31    NE
20   7,2   8,4   08:48   6,1   23:10  10,8   0,0   6,7   2,7  30,0   09:16   ENE
21   6,8   7,5   11:57   6,2   00:00  11,2   0,0   1,0   5,4  27,0   05:16     S
22   7,7  13,8   11:59   5,3   03:29  10,3   0,0   1,6   0,3  13,0   21:07   SSE
23   8,5  10,7   15:00   6,3   06:25   9,5   0,0   7,3   3,0  27,0   14:25   SSE
24   8,9  10,1   00:00   8,3   06:31   9,2   0,0   2,1   7,1  33,0   06:16   ENE
25   9,2  14,9   12:17   4,3   22:40   8,8   0,0   0,0   5,5  35,0   01:00   NNW
26   5,2  10,4   13:01   3,3   19:20  12,8   0,0   0,0   5,6  37,0   00:27   WNW
27   7,5   9,1   20:39   5,3   01:51  10,6   0,0  40,9   7,7  41,0   16:45   SSW
28   7,4   8,4   00:00   6,4   23:14  10,8   0,0   9,3   6,6  30,0   03:54   SSW
29   5,8   6,4   00:00   4,8   22:45  12,3   0,0   0,5   0,7  12,0   00:03   SSW
30   4,1   6,8   05:28   1,8   23:45  13,9   0,0   0,0   6,0  45,0   13:52     E
----------------------------------------------------------------------------------
     7,1  14,9    25     0,3    17   324,5   0,0 475,6   6,9  64,0    15      SE

Max >=  30,0  0
Max <=   0,0  0
Min <=   0,0  0
Min <=  -5,0  0
Max Rain: 58,5 on day 5
Days of Rain: 23 (>= 1,0 mm)  14 (>= 10,0 mm)  9 (>= 20,0 mm)
Heat Base: 18,0  Cool Base: 18,0  Method: Integration
sucontract_SNC