NOAA-Style klimatska poročila


Poročilo za 2019 december
                   Monthly Climatological Summary for dec 2019

Name: Vremenska postaja Okroglo   City: Kal nad Kanalom   State: Slovenija
Elevation: 770 m  Lat: N 46 04 21   Lon: E 013 44 03

                  Temperature (°C), Rain (mm), Wind Speed (km/h)

                                      Heat  Cool        Avg
    Mean                              Deg   Deg         Wind                 Dom
Day Temp  High   Time   Low    Time   Days  Days  Rain  Speed High   Time    Dir
----------------------------------------------------------------------------------
01   2,7   5,7   23:44   1,2   04:59  15,4   0,0  10,4   3,3  33,8   00:10     S
02   5,1  11,1   15:51   0,6   23:51  12,9   0,0  46,1   9,3  41,8   22:33    JV
03   0,3   2,9   13:30  -1,1   23:33  17,7   0,0   0,0  12,5  50,0   03:56   VJV
04   0,0   3,1   13:57  -2,2   07:24  18,1   0,0   0,0  11,2  49,0   04:45    SV
05   1,6   9,1   13:00  -2,8   03:43  16,4   0,0   0,0   4,1  31,7   01:16    JZ
06   3,9   6,4   13:31   2,3   00:00  14,1   0,0   0,0   0,8  16,2   03:55     Z
07   4,2   8,5   11:21   2,4   01:44  13,8   0,0   0,0   1,4  17,3   13:10   ZJZ
08   3,8   4,9   13:51   2,5   06:33  14,3   0,0   0,0   2,7  21,2   15:57   JJZ
09   4,8   5,4   14:51   3,6   23:48  13,2   0,0   3,6   2,5  25,2   23:50     J
10   4,5  10,2   12:55   0,2   23:40  13,5   0,0   0,0   5,7  35,3   21:31   SSV
11   0,3   4,0   12:54  -1,2   08:04  17,7   0,0   0,0  10,4  46,8   07:51     V
12  -1,5   0,1   12:35  -2,3   07:30  19,5   0,0   0,0  10,0  36,0   07:46    JV
13  -0,3   2,6   23:45  -2,2   04:19  18,3   0,0   0,0   5,0  32,8   21:56   VJV
14   4,4  12,6   12:37   0,3   05:23  13,6   0,0   5,2   2,4  31,3   00:31   JJV
15   5,3   6,9   14:32   2,3   00:50  12,6   0,0   0,0   4,8  23,0   14:15     J
16   7,2   8,7   23:47   6,2   00:55  10,9   0,0   0,5   7,6  34,9   22:46   JJZ
17   9,4  10,2   13:06   8,5   00:39   8,6   0,0   2,6  16,1  36,4   12:49     J
18   9,7  10,6   13:25   9,0   22:50   8,3   0,0   2,1  10,4  35,3   03:09     J
19   9,6  11,2   16:09   8,3   21:06   8,4   0,0  15,5   4,2  34,2   02:21   JJV
20   7,5   9,1   00:00   6,9   20:24  10,5   0,0  20,7  14,8  38,2   01:20     J
21   8,6  10,5   12:01   5,8   22:25   9,4   0,0  28,5  14,3  18,0   00:00     J
22   5,3   6,8   05:12   4,3   21:40  12,7   0,0  36,3  14,3  18,0   00:00     J
23   6,1  10,2   12:31   4,3   02:46  11,9   0,0   0,0   8,0  18,0   00:00     J
24   6,7  13,2   11:44   3,3   22:45  11,3   0,0   0,0   1,2  34,6   03:33     Z
25   6,3  12,9   14:14   2,7   06:24  11,7   0,0   0,0   2,1  18,0   06:33    JZ
26   6,1  11,9   14:43   3,1   08:27  11,9   0,0   0,0   1,5  17,6   11:53    JZ
27   4,1   8,4   10:43   0,9   23:24  13,9   0,0   0,0   2,8  27,0   17:55    JV
28   2,2   9,4   12:54  -1,1   06:33  15,7   0,0   0,0   3,6  27,7   01:34   SSZ
29  -1,7   3,5   14:34  -4,6   08:27  19,6   0,0   0,0   8,4  51,8   19:02   SSZ
30  -0,6   4,8   13:35  -5,1   03:54  18,5   0,0   0,0   6,7  46,4   00:06     Z
31   6,6  12,9   14:22   1,8   00:02  11,4   0,0   0,0   1,2  27,4   23:37   SSZ
----------------------------------------------------------------------------------
     4,3  13,2    24    -5,1    30   425,8   0,0 171,5   6,6  51,8    29     JJV

Max >=  30,0  0
Max <=   0,0  0
Min <=   0,0  9
Min <=  -5,0  1
Max Rain: 46,1 on day 2
Days of Rain: 10 (>= 1,0 mm)  6 (>= 10,0 mm)  4 (>= 20,0 mm)
Heat Base: 18,0  Cool Base: 18,0  Method: Integration
sucontract_SNC