NOAA-Style klimatska poročila


Poročilo za 2020 marec
                   Monthly Climatological Summary for mar 2020

Name: Vremenska postaja Okroglo   City: Kal nad Kanalom   State: Slovenija
Elevation: 770 m  Lat: N 46 04 21   Lon: E 013 44 03

                  Temperature (°C), Rain (mm), Wind Speed (km/h)

                                      Heat  Cool        Avg
    Mean                              Deg   Deg         Wind                 Dom
Day Temp  High   Time   Low    Time   Days  Days  Rain  Speed High   Time    Dir
----------------------------------------------------------------------------------
01   5,0   6,5   19:11   3,1   01:26  13,0   0,0  77,2  10,6  38,5   04:04     J
02   5,0   7,6   21:53   3,3   06:29  12,9   0,0  21,8  12,0  40,0   15:59     J
03   5,2   8,4   11:47   2,5   23:22  12,8   0,0  19,7   9,7  45,7   00:39   JJV
04   2,8   5,5   16:43   0,7   23:58  15,2   0,0   1,0   2,9  33,5   03:00     V
05   2,7   7,1   12:49  -0,2   03:30  15,3   0,0   0,0   2,4  26,6   14:31   ZJZ
06   1,9   3,4   14:34   0,4   00:59  16,1   0,0  30,1   2,3  33,8   07:08   VSV
07   5,7  11,1   06:13   1,9   00:00  12,3   0,0   0,5   5,4  29,2   03:46   VSV
08   5,1  12,6   13:16   1,6   06:09  12,9   0,0   0,0   4,3  27,0   08:52     J
09   5,6   9,7   16:01   1,9   03:30  12,4   0,0   0,0   1,0  14,0   15:03    SZ
10   6,0   8,8   14:59   3,6   06:10  12,0   0,0   0,0   2,6  19,1   16:29   ZJZ
11   7,9  13,8   12:34   3,6   03:53  10,1   0,0   0,0   4,4  26,3   13:42   JJZ
12   8,2  14,4   12:22   5,5   06:10   9,8   0,0   0,0   7,0  32,0   13:52   JJZ
13   7,1   8,9   11:56   5,3   23:27  10,9   0,0   1,6   4,1  43,9   19:55   VJV
14   5,2   8,1   14:15   2,8   23:05  12,8   0,0   1,6   9,8  39,2   06:45    SV
15   3,8   7,5   12:26   0,9   07:20  14,2   0,0   0,5   9,6  42,8   08:21   VSV
16   5,9  14,9   13:26   1,2   05:27  12,1   0,0   0,0   6,5  33,1   01:55   JJV
17   8,5  15,9   12:27   3,1   03:50   9,5   0,0   0,0   2,2  22,0   15:59    JZ
18  12,4  17,2   12:37   8,7   06:34   5,6   0,0   0,0   4,4  24,8   10:32   VSV
19  12,2  19,5   12:18   7,8   05:31   5,9   0,0   0,0   4,3  28,8   14:11   JJZ
20  10,8  17,3   11:09   7,5   06:09   7,2   0,0   0,0   4,4  29,5   11:33    JZ
21   9,5  16,0   13:45   3,2   23:43   8,5   0,0   0,5   5,7  39,6   22:59     J
22   1,4   4,6   12:50  -1,9   23:42  16,6   0,0   2,1  14,7  54,0   03:47   VSV
23  -0,1   4,9   12:29  -3,9   04:35  18,1   0,0   0,0  13,1  52,2   13:52   SSV
24   0,6   4,7   12:33  -2,2   04:24  17,4   0,0   0,5  15,4  53,6   12:41   SSV
25  -1,1   1,9   11:48  -2,7   08:11  19,1   0,0   1,0  15,5  57,2   09:52    SV
26  -0,2   3,3   23:45  -2,5   00:00  18,1   0,0  76,2  22,3  81,0   07:11    SV
27   6,1  10,3   15:35   3,1   04:01  11,9   0,0   3,1  15,2  59,8   05:27    SV
28   9,7  13,9   15:29   6,1   06:57   8,3   0,0   0,0   5,2  31,7   12:59   VJV
29  10,2  17,1   13:50   6,9   06:40   7,5   0,0   0,0   3,0  31,0   14:15   JJZ
30   2,1   8,8   00:00  -1,1   21:29  15,9   0,0   5,2  12,6  46,4   06:04     V
31   0,2   4,1   16:35  -3,1   06:52  17,8   0,0   0,0  11,4  46,8   01:44    SV
----------------------------------------------------------------------------------
     5,3  19,5    19    -3,9    23   392,2   0,0 242,6   7,9  81,0    26       V

Max >=  30,0  0
Max <=   0,0  0
Min <=   0,0  8
Min <=  -5,0  0
Max Rain: 77,2 on day 1
Days of Rain: 12 (>= 1,0 mm)  5 (>= 10,0 mm)  4 (>= 20,0 mm)
Heat Base: 18,0  Cool Base: 18,0  Method: Integration
sucontract_SNC