NOAA-Style klimatska poročila


Poročilo za 2020 april
                   Monthly Climatological Summary for apr. 2020

Name: Vremenska postaja Okroglo   City: Kal nad Kanalom   State: Slovenija
Elevation: 770 m  Lat: N 46° 04' 21"   Lon: E 013° 44' 02"

                  Temperature (°C), Rain (mm), Wind Speed (km/h)

                                      Heat  Cool        Avg
    Mean                              Deg   Deg         Wind                 Dom
Day Temp  High   Time   Low    Time   Days  Days  Rain  Speed High   Time    Dir
----------------------------------------------------------------------------------
01   1,9   7,5   14:23  -2,7   06:04  16,0   0,0   0,0   3,9  25,0   11:56    NE
02   4,6  13,1   14:13  -0,5   04:21  13,3   0,0   0,0   3,8  25,0   09:13    SW
03   7,9  16,1   13:57   2,1   06:35  10,0   0,0   0,0   2,4  24,0   13:58   WSW
04   9,6  15,1   13:41   5,9   06:58   8,4   0,0   0,0   6,6  33,0   14:08    NE
05  10,1  15,9   14:03   5,6   07:27   7,9   0,0   0,0  10,0  53,0   23:10   NNE
06  12,0  16,3   14:14   8,2   06:40   6,0   0,0   0,0   8,3  46,0   14:15    NE
07  12,0  17,3   14:11   7,7   06:16   6,0   0,0   0,0   9,9  38,0   17:10   ENE
08  12,1  16,9   14:15   8,1   06:57   5,8   0,0   0,0   8,7  41,0   10:46   ENE
09  14,2  22,6   13:56   8,2   06:45   4,4   0,6   0,0   4,2  28,0   10:01    SW
10  16,4  24,1   13:43  11,7   01:37   2,6   1,0   0,0   4,7  27,0   17:23   SSW
11  16,8  23,6   12:20  11,8   06:56   2,4   1,2   0,0   4,6  29,0   15:14    SW
12  15,6  22,9   12:57  10,9   23:47   3,2   0,7   0,0   6,4  32,0   16:10   SSW
13  13,0  18,1   11:38  10,1   07:07   5,0   0,0   0,0   7,0  37,0   16:23   SSW
14   5,9  10,5   09:21   1,8   23:41  12,1   0,0   0,0  10,2  53,0   12:19   ESE
15   6,4  13,8   15:33   0,3   06:10  11,5   0,0   0,0   5,9  33,0   04:51   ENE
16  11,9  19,2   11:59   6,6   02:31   5,1   0,0   0,0   6,0  30,0   13:01   SSW
17  13,4  18,4   13:40   7,8   06:05   3,4   0,0   0,0   4,9  23,0   12:30    SW
18  13,2  20,1   13:17   8,3   05:12   4,9   0,0   0,0   4,4  29,0   15:51   SSW
19  14,9  21,9   14:04  10,6   04:17   3,4   0,3   0,0   3,7  31,0   15:26   SSW
20   9,1  14,1   00:00   6,5   09:37   8,9   0,0   0,5  15,0  60,0   05:53   ENE
21   9,7  14,1   16:38   7,1   07:51   8,3   0,0   0,5  15,5  53,0   09:39    NE
22  11,3  15,8   13:12   7,5   05:17   6,7   0,0   0,0  11,6  55,0   09:58   NNE
23  12,4  17,3   16:35   7,3   07:01   5,6   0,0   0,0   6,7  32,0   09:26   ENE
24  13,3  20,6   13:59   8,2   06:24   4,8   0,2   0,0   4,6  28,0   13:59    SW
25  13,8  21,6   13:34   9,8   02:56   4,4   0,2   0,0   5,8  32,0   14:13   SSW
26  13,2  20,1   14:02   8,9   06:11   4,8   0,1   1,0   4,8  27,0   15:09    SW
27  13,0  18,3   16:10   9,6   02:20   5,0   0,0   0,0   4,1  28,0   14:39    SW
28  11,7  14,9   13:35   9,6   04:23   6,3   0,0   0,0   6,6  36,0   15:42     S
29   9,7  11,9   17:35   8,6   23:59   8,3   0,0  26,4   2,2  21,0   20:38   SSW
30  12,3  19,2   13:25   6,6   02:06   5,7   0,0   6,7   4,3  34,0   23:31    SW
----------------------------------------------------------------------------------
    11,4  24,1    10    -2,7     1   200,2   4,3  35,1   6,6  60,0    20     ESE

Max >=  30,0  0
Max <=   0,0  0
Min <=   0,0  2
Min <=  -5,0  0
Max Rain: 26,4 on day 29
Days of Rain: 3 (>= 1,0 mm)  1 (>= 10,0 mm)  1 (>= 20,0 mm)
Heat Base: 18,0  Cool Base: 18,0  Method: Integration
sucontract_SNC