NOAA-Style klimatska poročila


Poročilo za 2020 maj
                   Monthly Climatological Summary for maj 2020

Name: Vremenska postaja Okroglo   City: Kal nad Kanalom   State: Slovenija
Elevation: 770 m  Lat: N 46° 04' 21"   Lon: E 013° 44' 02"

                  Temperature (°C), Rain (mm), Wind Speed (km/h)

                                      Heat  Cool        Avg
    Mean                              Deg   Deg         Wind                 Dom
Day Temp  High   Time   Low    Time   Days  Days  Rain  Speed High   Time    Dir
----------------------------------------------------------------------------------
01  10,6  16,6   14:01   7,3   06:38   7,3   0,0  23,3   8,5  38,0   02:45     S
02  11,8  19,2   12:53   8,1   07:18   6,1   0,0   6,7   3,2  27,0   09:40   ESE
03  11,1  17,0   13:38   6,9   05:53   6,8   0,0   1,5   4,7  28,0   11:21     E
04  12,6  19,1   13:19   8,1   05:02   5,4   0,0   0,0   4,5  29,0   12:00    SW
05  11,6  14,9   12:55   9,3   01:45   6,3   0,0   0,0   1,2  18,0   09:54    SW
06  10,5  15,2   17:45   6,5   07:45   7,4   0,0   0,0   7,7  38,0   09:01     E
07  12,8  19,9   13:31   6,9   04:25   5,3   0,1   0,0   3,6  25,0   16:06   WSW
08  15,0  21,7   13:26  11,3   01:07   3,2   0,2   0,0   5,1  27,0   14:40   SSW
09  15,4  21,8   12:43   4,4   07:21   3,0   0,4   0,0   4,6  30,0   15:06   SSW
10  14,3  20,8   13:35  11,4   02:40   3,8   0,1   0,0   5,1  27,0   14:22   SSW
11  11,2  14,4   15:30   9,6   08:00   6,8   0,0  36,8  12,3  49,0   20:53     S
12   8,0  11,8   00:15   4,3   15:41  10,0   0,0  27,4  14,3  49,0   16:47    SE
13  10,7  15,4   16:10   4,4   00:00   7,2   0,0   8,8   2,0  32,0   00:21     W
14  16,1  22,7   13:47  11,3   06:42   2,7   0,9   0,5   4,4  46,0   23:44     S
15  11,5  17,6   13:27   7,8   07:51   6,5   0,0  14,5   8,1  50,0   07:03     E
16   9,7  12,8   15:55   6,2   05:57   8,2   0,0   2,1   9,8  53,0   05:28    NE
17  13,9  18,3   13:41   9,3   00:06   4,1   0,0   2,6   7,4  41,0   21:59   ESE
18  15,6  18,8   15:36  12,8   03:51   2,4   0,0   0,0  10,7  37,0   12:42     E
19  13,9  17,0   08:50  11,2   17:43   4,0   0,0  11,9  13,0  50,0   15:23   ENE
20  16,0  19,6   11:38  12,3   00:00   2,1   0,1   0,0   8,8  40,0   05:08    NE
21  15,6  20,4   13:15  11,0   06:43   2,7   0,3   0,0   5,1  32,0   07:57   SSE
22  15,8  20,6   11:05  11,6   05:04   2,5   0,3   0,0   3,7  24,0   17:27   WSW
23  16,7  22,4   13:22  13,2   01:04   1,9   0,7   6,2   2,5  23,0   13:23    SW
24  14,3  18,6   13:12  10,6   05:30   3,7   0,0  19,2   4,8  30,0   02:58   ENE
25  14,3  19,3   13:15  11,6   07:09   3,7   0,0   0,0   4,0  33,0   23:16   SSW
26  14,0  18,9   13:24   9,1   06:01   4,1   0,0   0,0   5,3  27,0   01:17     N
27  15,1  21,2   11:40   9,2   04:51   3,3   0,4   0,0   3,3  30,0   12:20    NW
28  14,6  19,8   12:06  11,1   05:03   3,6   0,1   0,0   2,0  23,0   22:21    SW
29  13,0  18,1   12:28   9,0   05:44   5,0   0,0   0,0   5,7  32,0   11:41    NE
30  12,3  15,8   12:04   9,2   05:53   5,6   0,0   0,0   4,6  35,0   06:06     E
31  13,2  19,0   13:33   8,5   06:18   4,8   0,0   0,0   2,5  23,0   00:12   NNW
----------------------------------------------------------------------------------
    13,3  22,7    14     4,3    12   149,5   3,6 161,5   5,9  53,0    16     ESE

Max >=  30,0  0
Max <=   0,0  0
Min <=   0,0  0
Min <=  -5,0  0
Max Rain: 36,8 on day 11
Days of Rain: 12 (>= 1,0 mm)  6 (>= 10,0 mm)  3 (>= 20,0 mm)
Heat Base: 18,0  Cool Base: 18,0  Method: Integration
sucontract_SNC