NOAA-Style klimatska poročila


Poročilo za 2020 junij
                   Monthly Climatological Summary for jun. 2020

Name: Vremenska postaja Okroglo   City: Kal nad Kanalom   State: Slovenija
Elevation: 770 m  Lat: N 46° 04' 21"   Lon: E 013° 44' 02"

                  Temperature (°C), Rain (mm), Wind Speed (km/h)

                                      Heat  Cool        Avg
    Mean                              Deg   Deg         Wind                 Dom
Day Temp  High   Time   Low    Time   Days  Days  Rain  Speed High   Time    Dir
----------------------------------------------------------------------------------
01  15,9  21,3   13:05  10,5   05:02   2,8   0,7   0,0   3,3  28,0   12:09   NNE
02  17,0  24,1   11:38  13,1   04:30   2,0   1,0   0,0   2,6  33,0   16:27   SSW
03  16,4  21,6   15:29   9,9   22:27   2,2   0,6  10,4   5,0  39,0   23:13   SSW
04  12,2  14,6   09:23  10,8   21:11   5,8   0,0  38,8  14,6  61,0   12:04     S
05  13,3  16,4   17:33  11,2   02:52   4,7   0,0  49,7  11,2  54,0   04:35     S
06  15,6  20,9   12:14  12,1   05:21   2,8   0,4   0,0   1,7  19,0   18:53    SW
07  15,0  19,2   12:22  12,6   22:34   3,0   0,0  15,5   4,0  32,0   13:25   SSW
08  12,7  15,8   11:35  11,5   23:11   5,3   0,0  21,2   5,2  37,0   20:21   NNE
09  12,8  16,3   18:20  10,9   06:13   5,1   0,0  26,9   6,1  35,0   06:51   NNE
10  13,0  16,2   14:39  10,9   23:33   5,0   0,0  13,0   2,1  18,0   08:52    SW
11  13,4  19,9   13:22   9,8   05:21   4,6   0,1   3,6   3,0  23,0   18:00   SSW
12  15,1  20,1   10:49  10,8   04:02   3,1   0,2   0,0   4,5  28,0   15:51    SW
13  17,2  22,5   13:40  13,3   05:44   1,7   0,9   0,0   6,2  31,0   17:22   SSW
14  14,9  16,7   18:31  11,1   10:49   3,1   0,0   0,0   3,8  23,0   08:38     S
15  14,8  24,4   19:18  13,2   07:11   3,2   0,0   8,3   0,2   6,0   23:52     S
16  17,3  23,3   12:37  13,4   01:53   1,6   0,9   0,5   1,5  21,0   20:00    NW
17  16,8  23,4   10:10  14,1   05:29   1,8   0,6   3,6   2,1  26,0   16:27     S
18  15,9  19,8   12:58  13,5   05:55   2,3   0,2   7,8   6,1  36,0   14:03     S
19  14,6  20,8   12:44  12,1   05:17   3,4   0,1  16,1   4,2  30,0   13:27     S
20  16,8  22,5   13:22  12,3   05:52   2,1   0,9   0,0   2,0  17,0   04:05   WNW
21  16,6  19,9   18:15  14,5   04:55   1,6   0,2   0,0   1,2  10,0   05:58     N
22  21,6  27,9   12:50  16,3   00:53   0,4   4,0   0,0   3,1  28,0   17:57     N
23  22,4  29,1   13:21  16,9   05:26   0,0   4,4   0,0   3,2  31,0   23:27    NW
24  18,9  24,6   13:14  15,5   05:15   0,8   1,7   0,0   6,1  32,0   02:36     S
25  14,7  17,8   00:00  12,9   22:54   3,2   0,0  37,3   7,6  38,0   10:47   NNE
26  18,3  24,4   12:13  11,1   05:04   1,5   1,7   0,5   4,6  28,0   13:28   SSW
27  21,1  26,1   13:35  16,4   03:39   0,3   3,4   0,0   3,9  26,0   14:33    SW
28  22,4  27,8   13:31  18,2   02:28   0,0   4,4   0,0   2,7  23,0   16:30    SW
29  20,5  26,1   12:27  16,1   23:06   0,2   2,7   3,6   4,9  33,0   23:02   SSW
30  19,5  24,4   15:34  15,5   06:43   0,7   2,1   3,1   6,2  32,0   09:38   NNW
----------------------------------------------------------------------------------
    16,6  29,1    23     9,8    11    74,3  31,2 259,9   4,4  61,0     4     SSW

Max >=  30,0  0
Max <=   0,0  0
Min <=   0,0  0
Min <=  -5,0  0
Max Rain: 49,7 on day 5
Days of Rain: 15 (>= 1,0 mm)  9 (>= 10,0 mm)  5 (>= 20,0 mm)
Heat Base: 18,0  Cool Base: 18,0  Method: Integration
sucontract_SNC