NOAA-Style klimatska poročila


Poročilo za 2020 julij
                   Monthly Climatological Summary for jul 2020

Name: Vremenska postaja Okroglo   City: Kal nad Kanalom   State: Slovenija
Elevation: 770 m  Lat: N 46 04 21   Lon: E 013 44 03

                  Temperature (°C), Rain (mm), Wind Speed (km/h)

                                      Heat  Cool        Avg
    Mean                              Deg   Deg         Wind                 Dom
Day Temp  High   Time   Low    Time   Days  Days  Rain  Speed High   Time    Dir
----------------------------------------------------------------------------------
01  22,6  29,1   13:30  18,1   05:46   0,0   4,6   0,0   1,9  21,6   14:31   ZJZ
02  21,1  26,9   10:42  18,1   05:38   0,0   3,1   0,0   2,8  25,6   15:22     J
03  17,9  19,6   00:00  15,6   08:19   0,6   0,5   6,7   7,9  35,3   18:32    JV
04  19,4  24,1   12:46  15,8   03:35   0,6   2,0   0,0   5,7  32,0   10:19    SV
05  21,4  27,0   13:20  16,2   05:31   0,3   3,7   0,0   3,0  20,9   10:48   ZSZ
06  22,8  28,4   13:12  16,6   23:59   0,0   4,8   6,7   3,2  37,8   23:22    SZ
07  15,8  20,4   13:52  10,6   04:18   2,7   0,5  18,6   7,8  42,8   08:40     V
08  18,3  25,3   13:17  13,3   06:00   1,5   1,8   0,0   5,2  26,6   01:45   JJZ
09  21,2  28,1   13:50  15,0   05:11   0,6   3,7   0,0   2,7  20,9   11:29     S
10  23,0  29,8   12:59  17,5   05:52   0,0   5,0   0,0   2,4  16,9   14:53     Z
11  19,3  26,6   12:46  13,8   20:10   0,8   2,2  15,5   4,9  38,2   22:12   JJV
12  16,2  19,6   13:45  12,9   07:13   1,9   0,4   0,0  10,8  38,9   03:36   VJV
13  17,1  17,1   00:00  17,1   00:00   0,0   0,0   0,0   7,3   5,4   00:00    SV
14  17,1  21,8   12:56  13,2   03:41   1,6   0,7   0,0   5,0  30,6   13:34    SV
15  18,2  24,1   12:22  14,3   05:02   1,2   1,4   0,0   4,0  24,8   17:28   ZJZ
16  18,0  24,0   13:48  13,5   02:16   1,4   1,4   1,0   2,3  27,0   15:56   ZSZ
17  16,1  19,9   13:48  13,8   22:00   2,1   0,2   5,7   7,1  37,8   11:01   VJV
18  15,8  20,8   12:42  13,4   06:51   2,4   0,2   0,0   3,1  29,2   01:51     S
19  17,6  22,6   16:52  12,9   04:27   1,7   1,3   0,0   1,9  15,5   16:51    SZ
20  20,7  26,9   12:37  15,8   04:16   0,5   3,2   0,0   2,3  23,8   16:00   ZJZ
21  21,8  27,8   11:48  17,2   05:46   0,1   3,9   0,0   2,3  22,0   16:55    JZ
22  21,0  29,4   13:04  16,5   23:56   0,1   3,1   6,7   5,0  39,2   21:36     J
23  20,9  25,9   16:33  16,2   05:35   0,1   2,9   1,0   6,0  31,7   13:50   JJZ
24  17,9  20,1   12:20  14,9   06:19   0,6   0,5   8,3   6,1  32,4   02:03   SSZ
25  19,6  26,1   12:19  14,8   02:11   0,8   2,4   0,0   3,4  28,1   00:24   ZSZ
26  20,4  25,8   13:50  16,6   04:59   0,2   2,6   0,0   2,8  22,7   14:32    JZ
27  22,3  28,9   13:55  17,3   05:52   0,0   4,3   0,0   3,9  23,4   16:24    JZ
28  23,6  29,4   13:13  18,9   04:48   0,0   5,7   0,0   2,4  20,5   15:33   ZJZ
29  24,3  29,6   17:00  19,6   05:26   0,0   6,3   0,0   2,8  27,4   23:31    SZ
30  24,7  29,3   13:13  20,2   06:54   0,0   6,7   0,0   4,6  31,0   00:32     Z
31  24,2  33,1   13:41  19,1   15:39   0,0   6,2   8,3   2,6  33,1   15:12   ZSZ
----------------------------------------------------------------------------------
    20,0  33,1    31    10,6     7    21,8  85,3  78,5   4,2  42,8     7       J

Max >=  30,0  1
Max <=   0,0  0
Min <=   0,0  0
Min <=  -5,0  0
Max Rain: 18,6 on day 7
Days of Rain: 10 (>= 1,0 mm)  2 (>= 10,0 mm)  0 (>= 20,0 mm)
Heat Base: 18,0  Cool Base: 18,0  Method: Integration
sucontract_SNC