NOAA-Style klimatska poročila


Poročilo za 2020 avgust
                   Monthly Climatological Summary for avg 2020

Name: Vremenska postaja Okroglo   City: Kal nad Kanalom   State: Slovenija
Elevation: 770 m  Lat: N 46 04 21   Lon: E 013 44 03

                  Temperature (°C), Rain (mm), Wind Speed (km/h)

                                      Heat  Cool        Avg
    Mean                              Deg   Deg         Wind                 Dom
Day Temp  High   Time   Low    Time   Days  Days  Rain  Speed High   Time    Dir
----------------------------------------------------------------------------------
01  25,5  32,8   13:49  20,8   02:52   0,0   7,5   0,0   4,2  28,4   19:32     Z
02  19,9  23,8   00:00  17,9   14:43   0,0   1,9   9,8   8,5  36,7   11:38     S
03  18,5  21,8   14:37  15,2   21:24   0,6   1,0  21,2   5,9  39,2   04:12    SV
04  17,5  21,6   10:36  15,2   04:49   0,9   0,5  25,9   5,4  38,9   23:13    SV
05  17,3  21,8   12:05  14,9   06:28   1,2   0,6   0,0   8,8  42,8   12:47   SSV
06  20,3  25,6   13:24  16,1   00:24   0,4   2,6   0,0   4,8  27,7   16:06    SV
07  22,3  30,0   17:31  17,1   03:40   0,1   4,4   0,0   5,7  31,0   15:19   SSV
08  23,7  28,2   12:22  18,5   05:49   0,0   5,7   0,0   5,4  38,5   12:06   SSV
09  24,1  31,1   13:25  19,9   01:31   0,0   6,0   4,7   3,0  19,1   05:11    JZ
10  25,1  31,5   13:11  20,6   05:40   0,0   7,1   0,0   3,1  18,7   15:21     Z
11  22,2  27,5   13:55  20,2   21:47   0,0   4,2   0,0   4,0  34,2   16:08   ZJZ
12  22,8  27,6   15:14  19,3   02:20   0,0   4,8   0,0   5,5  29,5   07:06     J
13  22,7  29,1   11:47  19,7   23:13   0,0   4,7   0,0   5,3  29,5   17:35   JJZ
14  20,9  29,3   13:48  16,0   18:39   0,3   3,1   7,3   4,4  28,8   17:57   ZSZ
15  21,7  27,8   14:18  15,4   01:08   0,3   4,0   0,0   2,8  19,1   16:05     Z
16  20,6  20,9   00:00  20,3   01:39   0,0   0,3   0,0   4,0  20,2   00:10    JZ
17  20,8  26,3   14:43  14,9   19:43   0,5   3,3  40,9   1,9  16,9   20:07   JJZ
18  18,0  23,4   11:46  15,3   00:00   1,0   0,9   8,8   2,0  25,9   14:55   JJV
19  20,0  27,3   12:45  15,1   01:15   0,6   2,6   0,0   3,0  23,0   17:07    JZ
20  21,1  27,5   13:02  16,4   04:49   0,3   3,4   0,0   2,0  18,0   15:47    JZ
21  22,4  28,9   14:00  18,1   05:41   0,0   4,4   0,0   2,4  21,6   14:46    JZ
22  23,1  28,3   10:38  19,8   03:16   0,0   5,1   0,0   2,6  20,9   17:23    JZ
23  20,7  23,3   13:49  17,9   21:19   0,0   2,7   1,0   7,8  33,5   15:03     V
24  18,0  20,2   13:44  16,2   22:46   0,5   0,5   0,0  10,8  42,5   02:16    SV
25  19,1  25,8   13:53  15,6   06:23   0,6   1,8   0,0   5,2  28,1   03:15    JV
26  19,5  24,9   12:38  16,3   04:27   0,4   1,9   0,0   3,2  34,6   14:41    JZ
27  20,5  25,1   13:58  16,5   07:16   0,2   2,7   0,0   2,9  28,8   10:09     V
28  21,0  27,6   13:59  17,9   02:04   0,0   3,0   0,0   4,2  25,9   15:24   JJZ
29  20,8  23,5   15:55  15,8   23:16   0,1   2,9  17,1  10,9  41,4   08:59     J
30  17,9  20,8   13:15  15,2   20:54   0,7   0,6  18,6  11,7  81,7   08:39     J
31  14,9  18,1   11:22  11,3   21:47   3,1   0,0  15,5   5,0  34,6   19:20   VSV
----------------------------------------------------------------------------------
    20,7  32,8     1    11,3    31    11,8  94,2 170,8   5,2  81,7    30     VJV

Max >=  30,0  4
Max <=   0,0  0
Min <=   0,0  0
Min <=  -5,0  0
Max Rain: 40,9 on day 17
Days of Rain: 11 (>= 1,0 mm)  6 (>= 10,0 mm)  3 (>= 20,0 mm)
Heat Base: 18,0  Cool Base: 18,0  Method: Integration
sucontract_SNC