NOAA-Style klimatska poročila


Poročilo za 2020 december
                   Monthly Climatological Summary for dec. 2020

Name: Vremenska postaja Okroglo   City: Kal nad Kanalom   State: Slovenija
Elevation: 770 m  Lat: N 46° 04' 21"   Lon: E 013° 44' 02"

                  Temperature (°C), Rain (mm), Wind Speed (km/h)

                                      Heat  Cool        Avg
    Mean                              Deg   Deg         Wind                 Dom
Day Temp  High   Time   Low    Time   Days  Days  Rain  Speed High   Time    Dir
----------------------------------------------------------------------------------
01  -2,0  -0,1   12:40  -3,1   08:16  20,0   0,0   0,0  13,4  52,0   19:13     E
02  -3,6  -2,5   00:00  -4,6   23:57  21,8   0,0   2,6  16,8  56,0   01:15     E
03  -2,5   0,4   23:41  -4,7   00:15  20,6   0,0   3,1   9,6  39,0   08:34   ENE
04   1,6   6,2   23:59  -1,2   02:13  16,4   0,0   2,1   3,1  34,0   23:55   ESE
05   8,3  10,4   23:33   0,3   03:46   9,7   0,0  10,9  16,2  52,0   03:17   SSE
06   5,5   9,6   00:00   4,5   23:56  12,5   0,0  74,1  11,3  41,0   20:54    NE
07   2,8   4,7   01:05   0,3   21:29  15,2   0,0  15,5   3,2  27,0   01:15   SSE
08   1,1   1,9   00:09   0,3   10:56  16,5   0,0   0,5   9,6  47,0   07:33    NE
09   1,1   1,6   04:55   0,5   17:49  17,2   0,0  10,4   0,0   0,0   00:00     E
10   1,3   2,4   10:51   0,1   02:43  16,8   0,0   3,6   0,2   8,0   23:34    NE
11   1,5   3,4   00:00   0,5   00:00  17,2   0,0   1,6   2,2  10,0   00:00     N
12   2,1   7,3   13:07   0,9   21:04  16,0   0,0   0,0   2,1  28,0   17:35     E
13   3,6  10,1   14:23  -0,4   01:58  14,4   0,0   0,0   0,8  14,0   09:45    NW
14   4,5  10,9   13:42   1,7   02:45  13,6   0,0   0,0   1,7  16,0   10:49    NW
15   5,2  11,6   11:08   2,9   00:33  12,8   0,0   0,0   1,1  12,0   22:32   WSW
16   4,0   5,6   12:14   3,1   22:46  14,0   0,0   0,0   4,0  19,0   14:20     S
17   3,8   4,8   15:33  -1,2   05:05  14,2   0,0   0,0   1,0  12,0   08:23    SW
18   5,8  11,0   14:52   3,9   00:00  12,2   0,0   0,0   1,1  10,0   01:25     N
19   5,1   6,5   12:40   4,0   22:52  12,9   0,0   0,5   4,4  22,0   14:15   SSW
20   4,7  11,1   04:25   3,8   01:40  13,3   0,0   0,5   1,3  14,0   00:03     S
21   5,0   5,4   13:24   4,7   20:30  13,0   0,0   2,1   2,1   5,0   15:59   SSW
22   4,2   4,9   00:00   3,8   02:03  13,8   0,0   1,6   3,8   4,0   00:00   SSW
23   4,3   5,5   20:26   3,6   07:48  13,7   0,0   2,6   3,8   4,0   00:00   SSW
24   6,4   7,8   18:01   4,8   05:35  11,6   0,0  19,2   3,8   4,0   00:00   SSW
25   3,0   7,2   00:00   0,7   20:25  15,0   0,0  22,3   9,8  25,0   06:29    NE
26  -0,5   1,3   13:33  -3,6   23:50  18,5   0,0   0,0  14,3  57,0   20:06    NE
27  -3,2  -1,1   14:37  -4,4   04:14  21,2   0,0   0,0  13,2  54,0   04:42     E
28   0,5   4,6   14:45  -4,1   00:00  17,5   0,0  30,6  13,3  71,0   15:04     S
29   1,9   9,9   20:37  -0,7   00:37  16,1   0,0  17,1  10,2  43,0   18:41     S
30   2,1   6,3   13:38   0,4   00:23  15,9   0,0   7,8   1,0  14,0   14:32    NW
31   1,9   4,8   13:45  -3,4   13:08  16,1   0,0   0,0   4,7  32,0   07:13   ESE
----------------------------------------------------------------------------------
     2,6  11,6    15    -4,7     3   479,7   0,0 228,7   6,0  71,0    28     ESE

Max >=  30,0  0
Max <=   0,0  3
Min <=   0,0 11
Min <=  -5,0  0
Max Rain: 74,1 on day 6
Days of Rain: 17 (>= 1,0 mm)  8 (>= 10,0 mm)  3 (>= 20,0 mm)
Heat Base: 18,0  Cool Base: 18,0  Method: Integration
sucontract_SNC