NOAA-Style klimatska poročila


Poročilo za 2021 marec
                   Monthly Climatological Summary for mar. 2021

Name: Vremenska postaja Okroglo   City: Kal nad Kanalom   State: Slovenija
Elevation: 770 m  Lat: N 46° 04' 21"   Lon: E 013° 44' 02"

                  Temperature (°C), Rain (mm), Wind Speed (km/h)

                                      Heat  Cool        Avg
    Mean                              Deg   Deg         Wind                 Dom
Day Temp  High   Time   Low    Time   Days  Days  Rain  Speed High   Time    Dir
----------------------------------------------------------------------------------
01   7,2  13,5   13:57   2,3   04:03  10,8   0,0   0,0   7,1  37,0   23:36   ENE
02   7,2  13,5   13:47   3,3   07:01  10,7   0,0   0,0   7,0  44,0   02:17     E
03   8,6  16,6   12:56   4,7   07:28   9,4   0,0   0,0   2,7  26,0   14:35    SW
04   5,9  10,8   12:25   3,8   21:40  12,0   0,0   0,0   6,3  30,0   13:05   SSW
05   5,5   9,9   12:58  -0,2   23:44  12,5   0,0   5,2   6,0  32,0   23:13     S
06  -0,7   3,1   13:49  -3,6   06:55  18,6   0,0   1,6  11,1  52,0   06:41   WSW
07   1,9  10,2   13:02  -3,1   05:36  16,2   0,0   0,0   5,6  44,0   01:33   WSW
08   4,1  10,7   13:50  -0,9   06:14  13,9   0,0   0,0   3,3  34,0   23:06    SE
09   2,3   5,9   14:27  -0,6   07:15  15,6   0,0   0,0  11,3  45,0   04:01     E
10   3,0   9,2   12:55  -0,8   05:59  14,9   0,0   0,0   6,1  32,0   01:58   ESE
11   3,5   5,9   14:01   2,0   00:00  14,4   0,0   2,6   6,3  34,0   20:32    SW
12   4,9   6,1   17:51   2,2   02:46  13,0   0,0  10,9   3,4  23,0   07:23   SSW
13   5,8   9,6   12:40   3,8   05:57  12,2   0,0   0,0   9,6  35,0   15:35     S
14   3,0   6,9   11:26   0,1   23:07  15,0   0,0   1,6   7,7  43,0   12:16   SSE
15   3,8  10,3   12:18  -0,6   03:34  14,2   0,0   5,2   3,7  27,0   15:36     S
16   5,2  11,2   11:29  -6,7   04:27  12,8   0,0   0,0   4,4  30,0   16:59     N
17   3,7   9,5   11:15   0,5   05:51  14,6   0,0   0,0   3,7  31,0   15:38     N
18   2,1   6,8   11:50  -1,4   23:57  25,4   0,0   0,0   3,2  30,0   18:24   ENE
19   1,1   5,5   16:01  -2,1   04:14  16,9   0,0   0,0   2,8  22,0   10:51    NE
20  -0,1   4,9   12:42  -2,9   23:44  18,0   0,0   0,0   8,1  36,0   18:44   ENE
21  -0,2   4,6   13:23  -4,8   05:41  18,1   0,0   0,0   9,4  37,0   21:40    NE
22   4,4   8,9   08:58   0,4   06:24  13,5   0,0   0,0   7,4  43,0   17:53     N
23   4,8  11,0   13:35  -0,7   05:33  13,1   0,0   0,0   4,1  49,0   11:04   SSW
24   6,6  13,8   13:00   1,3   04:58  11,4   0,0   0,0   3,2  24,0   14:26   WSW
25   7,9  15,4   12:40   2,4   06:35  10,1   0,0   0,0   3,8  26,0   14:32    SW
26   9,2  16,3   10:56   5,4   23:49   8,8   0,0   0,0   5,3  33,0   15:31   SSW
27   6,7   8,8   16:42   5,0   03:54  11,2   0,0   0,0   4,7  24,0   15:46     S
28   6,8   8,9   17:37   5,5   21:34  10,7   0,0   0,0   2,7  28,0   12:39   NNE
29  11,2  19,9   17:05   6,1   00:00   6,8   0,0   0,0   2,8  27,0   16:12    SW
30  15,1  22,1   14:05   9,8   05:10   3,6   0,7   0,0   2,7  23,0   15:21     W
31  16,1  23,8   13:19  11,4   06:29   2,9   1,0   0,0   3,4  27,0   16:26    SW
----------------------------------------------------------------------------------
     5,4  23,8    31    -6,7    16   401,3   1,7  27,1   5,5  52,0     6     SSE

Max >=  30,0  0
Max <=   0,0  0
Min <=   0,0 13
Min <=  -5,0  1
Max Rain: 10,9 on day 12
Days of Rain: 6 (>= 1,0 mm)  1 (>= 10,0 mm)  0 (>= 20,0 mm)
Heat Base: 18,0  Cool Base: 18,0  Method: Integration
sucontract_SNC