NOAA-Style klimatska poročila


Poročilo za 2021 maj
                   Monthly Climatological Summary for mj 2021

Name: Vremenska postaja Okroglo   City: Kal nad Kanalom   State: Slovenija
Elevation: 770 m  Lat: N 46° 04' 21"   Lon: E 013° 44' 03"

                  Temperature (°C), Rain (mm), Wind Speed (km/h)

                                      Heat  Cool        Avg
    Mean                              Deg   Deg         Wind                 Dom
Day Temp  High   Time   Low    Time   Days  Days  Rain  Speed High   Time    Dir
----------------------------------------------------------------------------------
01  14,2  19,7   14:00  10,4   04:57   3,9   0,1   8,3   5,6  32,0   23:36   JJZ
02   9,6  12,2   00:09   3,6   23:49   8,4   0,0  48,7  18,4  70,0   02:17     J
03   7,2  11,9   15:35   2,6   05:45  10,8   0,0  10,9   6,1  44,0   00:27   VJV
04   9,8  14,2   13:46   6,3   06:55   8,3   0,0   0,0   7,7  35,0   14:19   JJZ
05   9,1  12,0   12:06   6,9   23:48   8,9   0,0  32,6  10,4  43,0   12:13     J
06   4,6   9,1   23:48   1,9   08:01  13,4   0,0   7,8   9,4  48,0   10:41    SV
07   9,5  12,8   15:16   6,1   23:48   8,5   0,0  15,5  14,2  48,0   20:40     J
08   9,4  14,9   14:08   5,0   05:46   8,6   0,0   0,0   8,2  54,0   07:30     V
09  13,7  18,9   12:36   8,3   05:53   4,3   0,0   0,0   3,7  26,0   17:59    JZ
10  15,1  19,7   12:48   9,9   08:43   2,9   0,1   0,0   5,7  29,0   11:41   JJZ
11  15,9  20,6   13:58   8,8   01:40   2,6   0,4   7,8   4,3  31,0   11:34    JZ
12  10,7  13,0   11:44   9,3   23:55   7,3   0,0  24,9   2,0  17,0   06:32     J
13   9,6  12,3   11:43   8,2   04:18   8,4   0,0   2,1   3,7  29,0   11:43   JJZ
14   9,9  13,2   16:41   8,3   02:27   8,1   0,0  11,9   2,5  30,0   20:58   JJZ
15   9,9  14,4   12:38   7,3   04:09   8,1   0,0   2,6   5,6  33,0   17:00     J
16  10,7  13,9   14:39   8,6   01:55   7,3   0,0  18,1  14,2  41,0   16:43     J
17   9,9  14,8   15:11   6,4   09:50   8,1   0,0  49,2   8,4  58,0   01:59     J
18  12,5  17,9   11:57   7,5   05:22   5,5   0,0   3,6   5,1  32,0   13:33   JJZ
19   8,3  12,4   17:14   5,8   05:39   9,7   0,0  17,1   4,8  31,0   06:04    SV
20  11,4  17,6   12:12   7,6   00:00   6,6   0,0   0,5   3,4  27,0   17:04   JJZ
21  12,1  15,6   15:00   9,0   03:40   5,9   0,0   0,0   9,3  37,0   13:05   JJZ
25   9,9  13,6   16:15   6,6   23:00   8,3   0,0   5,2   7,8  32,0   13:13     J
26  11,8  17,5   15:39   6,4   01:58   6,2   0,0   0,0   7,7  37,0   07:05   VJV
27  13,9  20,1   13:24  10,1   22:34   4,2   0,1   3,1   3,8  23,0   14:52    JZ
28  14,2  20,5   13:03   9,1   04:21   4,0   0,1   0,0   4,3  25,0   05:44    JZ
29  13,4  19,3   14:11   8,9   23:48   4,8   0,0   0,0   5,0  36,0   21:24   ZJZ
30  12,4  17,4   12:46   8,8   02:48   5,6   0,0   0,0   5,5  29,0   05:10   VSV
31  12,8  21,1   12:47   7,4   05:29   5,1   0,0   0,0   3,7  27,0   00:20   ZJZ
----------------------------------------------------------------------------------
    11,1  21,1    31     1,9     6   193,8   0,8 269,9   6,8  70,0     2       J

Max >=  30,0  0
Max <=   0,0  0
Min <=   0,0  0
Min <=  -5,0  0
Max Rain: 49,2 on day 17
Days of Rain: 17 (>= 1,0 mm)  9 (>= 10,0 mm)  4 (>= 20,0 mm)
Heat Base: 18,0  Cool Base: 18,0  Method: Integration
sucontract_SNC