NOAA-Style klimatska poročila


Poročilo za 2021 avgust
                   Monthly Climatological Summary for avg. 2021

Name: Vremenska postaja Okroglo   City: Kal nad Kanalom   State: Slovenija
Elevation: 770 m  Lat: N 46° 04' 21"   Lon: E 013° 44' 02"

                  Temperature (°C), Rain (mm), Wind Speed (km/h)

                                      Heat  Cool        Avg
    Mean                              Deg   Deg         Wind                 Dom
Day Temp  High   Time   Low    Time   Days  Days  Rain  Speed High   Time    Dir
----------------------------------------------------------------------------------
01  19,1  22,9   09:42  14,2   23:51   0,7   1,9  11,4   9,2  55,0   14:44     S
02  16,1  18,7   15:23  13,5   02:03   1,9   0,0   8,3   5,5  36,0   10:59   NNE
03  18,7  23,5   11:21  14,1   04:14   0,9   1,7   0,0   4,4  30,0   14:20    SW
04  18,0  21,8   15:01  14,9   05:00   0,8   0,8  15,5   3,2  26,0   01:44   SSW
05  16,2  21,8   14:14  14,5   05:18   2,2   0,4  14,5   3,7  26,0   00:52   SSW
06  18,5  25,5   13:25  13,9   03:34   1,1   1,6   0,0   3,1  26,0   16:38   SSW
07  20,2  24,6   12:52  16,4   05:21   0,3   2,4   0,0   4,8  35,0   16:32   SSW
08  20,7  23,7   15:22  17,4   23:09   0,0   2,7   6,2   7,6  41,0   13:03     S
09  20,5  25,4   16:17  17,0   07:18   0,1   2,2   0,0   4,5  31,0   09:24   NNE
10  22,8  28,9   12:59  17,8   03:21   0,0   4,8   0,0   3,5  22,0   09:02   WSW
11  23,3  27,9   13:43  18,9   03:33   0,0   5,2   0,0   4,2  28,0   12:37    NE
12  24,1  29,9   14:05  19,9   06:33   0,0   6,6   0,0   4,8  28,0   06:58     W
13  25,1  31,5   14:07  19,9   06:04   0,0   7,1   0,0   1,7  13,0   16:02     W
14  26,0  32,4   14:09  21,5   07:12   0,0   8,0   0,0   2,4  19,0   15:04   WSW
15  25,7  31,6   12:43  21,8   06:30   0,0   7,6   0,0   1,8  23,0   13:30   WSW
16  23,6  29,8   13:09  16,6   23:53   0,0   5,7  14,5   5,0  30,0   16:59   SSW
17  17,2  20,3   16:28  14,1   23:46   1,2   0,5   7,3   9,6  39,0   12:16   ESE
18  16,6  21,0   16:37  13,1   06:08   2,1   0,7   0,0   8,6  37,0   00:48     E
19  18,6  23,4   14:14  14,7   06:35   1,0   1,6   0,0   5,0  26,0   00:36    SE
20  20,3  24,9   16:26  16,8   05:55   0,2   2,5   0,0   4,5  28,0   05:40    SW
21  22,0  28,4   13:23  17,9   06:00   0,0   4,0   0,0   3,1  21,0   02:28     W
22  22,1  27,1   12:06  17,9   06:48   0,0   4,1   0,0   2,4  21,0   15:09   WSW
23  15,3  20,6   00:00  13,0   10:40   2,9   0,2  21,8  10,3  36,0   11:08   SSE
24  17,2  21,9   14:12  12,2   02:12   1,7   0,9   0,0   7,9  32,0   05:38   ESE
25  15,5  20,6   19:50  12,5   05:52   2,7   0,2   0,0   8,3  37,0   08:52   ESE
26  15,4  19,9   11:41  11,6   05:51   2,7   0,1   9,8   4,7  24,0   23:51    SW
27  14,1  19,1   13:03  11,1   07:41   3,9   0,0   2,1   6,2  30,0   04:21    SE
28  13,1  16,4   15:00  11,3   09:13   4,9   0,0   1,6   7,8  32,0   07:57   ENE
29  13,6  19,9   12:01  11,2   03:21   4,4   0,0   0,0   4,2  27,0   00:38    NE
30  13,7  19,9   17:38  11,2   05:33   4,3   0,0   2,1   3,0  21,0   14:46    SW
31  15,1  19,6   14:17  11,2   04:30   3,1   0,1   0,0   1,7  17,0   14:08    SW
----------------------------------------------------------------------------------
    19,0  32,4    14    11,1    27    43,1  73,6 115,1   5,0  55,0     1     SSE

Max >=  30,0  3
Max <=   0,0  0
Min <=   0,0  0
Min <=  -5,0  0
Max Rain: 21,8 on day 23
Days of Rain: 12 (>= 1,0 mm)  5 (>= 10,0 mm)  1 (>= 20,0 mm)
Heat Base: 18,0  Cool Base: 18,0  Method: Integration
sucontract_SNC