NOAA-Style klimatska poročila


Poročilo za 2023 marec
                   Monthly Climatological Summary for mar. 2023

Name: Vremenska postaja Okroglo   City: Kal nad Kanalom   State: Slovenija
Elevation: 770 m  Lat: N 46° 04' 21"   Lon: E 013° 44' 02"

                  Temperature (°C), Rain (mm), Wind Speed (km/h)

                                      Heat  Cool        Avg
    Mean                              Deg   Deg         Wind                 Dom
Day Temp  High   Time   Low    Time   Days  Days  Rain  Speed High   Time    Dir
----------------------------------------------------------------------------------
01   0,8   2,9   15:40  -1,2   16:08  17,2   0,0   7,8  18,3  80,0   11:59   ENE
02   3,3  10,0   16:40  -6,7   02:44  14,7   0,0   0,5  12,9  52,0   12:03   ENE
03   3,7  10,0   17:20  -1,2   00:36  14,2   0,0   0,0   7,7  75,0   13:03    SE
04   6,3  11,9   13:05  -1,2   02:57  11,6   0,0   0,0   5,6  52,0   20:12   SSE
05   4,5   9,9   22:56  -6,7   09:17  13,4   0,0   0,0   4,3  69,0   04:36   ENE
06   3,7  13,3   10:15  -1,2   23:17  14,2   0,0  10,4   5,2  69,0   09:40     S
07   4,1  13,3   19:21  -0,1   05:32  13,8   0,0   7,8   8,0  52,0   02:40     S
08   6,2  10,4   22:10   4,9   03:56  11,8   0,0   0,0   9,7  30,0   01:39   SSW
09   7,7   9,3   13:22   6,4   04:30  10,3   0,0  14,0   8,8  39,0   02:37   SSW
10   8,8  11,4   14:51   6,9   05:19   9,2   0,0   0,0   6,6  69,0   04:03     S
11   8,1  13,6   13:49   3,6   23:58   9,9   0,0   0,0   6,2  69,0   15:34   ESE
12   4,6  11,1   10:27  -6,7   01:51  13,3   0,0   0,0   7,9  58,0   16:13     E
13   7,2  11,6   14:58   4,0   05:41  10,8   0,0   0,0   5,0  58,0   19:50    SW
14   7,1   8,3   05:14   6,1   17:42  10,9   0,0  22,8  10,5  69,0   01:57     S
15   5,8   9,9   06:24  -1,2   23:36  12,2   0,0   0,0   7,0  52,0   03:21   NNE
16   4,8  11,8   12:17  -6,7   08:03  13,2   0,0   0,0   5,2  69,0   12:06     S
17   6,3  13,6   12:18  -6,7   01:31  11,7   0,0   0,0   2,9  75,0   23:01    SW
18   7,4  14,9   12:49   2,9   05:51  10,6   0,0   0,0   3,9  46,0   06:14    SW
19   7,4  12,5   11:32   4,9   01:19  10,6   0,0   0,0   6,9  69,0   18:16   SSW
20   8,3  13,9   12:01   5,7   02:45   9,7   0,0   0,0   1,8  63,0   03:15     N
21  11,1  24,4   11:17   6,4   02:33   6,9   0,0   0,0   3,0  63,0   00:20   WSW
22  12,7  23,3   09:20   7,7   17:51   5,3   0,0   0,0   4,6  58,0   10:03    SW
23  11,9  20,0   14:46   6,6   17:08   6,1   0,0   0,0   4,8  40,0   19:45    SW
24  10,1  18,8   09:26   8,1   02:39   7,9   0,0   0,0   8,2  58,0   21:42   SSW
27   5,2  10,7   13:56   2,4   23:40  13,5   0,0  17,6   3,1  41,0   01:15    NE
28   4,5  10,4   14:58   0,0   07:49  13,5   0,0   0,0   3,5  33,0   17:43   WSW
29   6,3  10,9   15:22   2,7   02:45  11,7   0,0   0,0   5,6  30,0   14:50   SSW
30   6,3   7,5   12:08   4,8   05:01  12,5   0,0   5,2   4,9  33,0   17:18    SW
31   6,7   7,5   10:04   4,1   23:24  11,2   0,0  18,1   8,0  35,0   15:28   SSW
----------------------------------------------------------------------------------
     6,6  24,4    21    -6,7     2   331,9   0,0 104,2   6,6  80,0     1     SSE

Max >=  30,0  0
Max <=   0,0  0
Min <=   0,0 12
Min <=  -5,0  5
Max Rain: 22,8 on day 14
Days of Rain: 8 (>= 1,0 mm)  5 (>= 10,0 mm)  1 (>= 20,0 mm)
Heat Base: 18,0  Cool Base: 18,0  Method: Integration
sucontract_SNC