NOAA-Style klimatska poročila


Poročilo za 2023 april
                   Monthly Climatological Summary for apr. 2023

Name: Vremenska postaja Okroglo   City: Kal nad Kanalom   State: Slovenija
Elevation: 770 m  Lat: N 46° 04' 21"   Lon: E 013° 44' 02"

                  Temperature (°C), Rain (mm), Wind Speed (km/h)

                                      Heat  Cool        Avg
    Mean                              Deg   Deg         Wind                 Dom
Day Temp  High   Time   Low    Time   Days  Days  Rain  Speed High   Time    Dir
----------------------------------------------------------------------------------
01   8,6  14,3   15:41   3,6   04:25   9,4   0,0   0,5   6,0  37,0   00:26   SSE
02   9,8  16,6   13:16   6,6   04:49   8,2   0,0   0,0   4,3  32,0   21:54   ENE
03   6,0  10,2   13:43   1,8   23:54  12,0   0,0   0,0  16,9  61,0   19:54   ENE
04   2,8   8,5   16:06  -1,6   07:10  15,2   0,0   0,0  10,6  48,0   04:08    NE
05   2,3   8,3   15:43  -2,7   07:17  15,7   0,0   0,0  12,3  36,0   07:56     E
06   3,9   9,9   16:00  -0,9   06:40  14,1   0,0   0,0  10,2  38,0   01:39     E
07   6,1  10,8   13:17   2,4   03:26  11,9   0,0   0,0   4,1  31,0   13:57    SW
08   6,5  10,7   12:35   3,1   23:56  11,5   0,0   2,6   4,0  35,0   23:21   ENE
09   4,4   8,8   15:19   1,5   07:04  14,2   0,0   0,5  17,3  46,0   05:41   ENE
10   7,2  14,4   17:19   1,8   05:20  10,8   0,0   0,0   8,6  34,0   00:51     E
11   7,7  11,4   15:18   5,3   06:28  10,3   0,0   0,0   4,6  30,0   12:52    SW
12   8,8  11,9   14:50   7,3   07:39   9,1   0,0   0,0  10,2  34,0   01:29     E
13   4,8   8,3   00:00   1,2   20:26  13,2   0,0  87,5  12,3  54,0   16:18     E
14   4,2   8,3   14:31   1,8   00:00  13,8   0,0  12,4   6,6  32,0   01:04     E
15   5,7   9,0   17:54   3,8   00:14  21,2   0,0   6,2   4,1  31,0   21:05    NE
16   7,5  11,8   16:33   4,5   06:27  12,7   0,0   0,0  13,4  42,0   09:36     E
17  10,4  14,3   14:53   6,7   00:04   7,6   0,0   0,0   9,2  39,0   04:17    NE
18  11,8  15,8   12:04   9,1   23:46   6,2   0,0   0,0  10,2  36,0   08:31   ENE
19   9,6  13,8   11:10   7,8   19:16   8,4   0,0   3,1   9,5  34,0   23:49     E
20   7,1   8,9   18:09   5,4   10:20  10,8   0,0   4,1  21,3  45,0   07:48   ENE
21  10,0  14,5   13:52   8,3   02:06   8,0   0,0   3,1  13,6  36,0   06:17     E
22  11,8  16,9   15:16   7,2   03:05   6,2   0,0   0,0   3,3  28,0   13:11    SW
23  11,9  15,2   16:16   9,5   23:56   6,1   0,0   0,0   4,1  25,0   16:05    SW
24   8,6  10,8   03:29   5,9   23:35   9,3   0,0  23,3   5,9  31,0   15:19     E
25   8,2  12,9   17:54   5,8   01:30  10,2   0,0   0,0   4,7  32,0   06:55     E
26   9,1  12,9   14:24   5,8   00:00   8,9   0,0   0,5   8,5  30,0   04:52     E
27  10,0  15,8   17:07   5,8   05:45   7,9   0,0   3,6  11,6  39,0   03:53     E
28  10,1  13,6   18:25   7,9   03:45   7,8   0,0   0,5   1,9  23,0   11:19    SW
29  11,8  16,4   14:57   7,3   03:35   6,2   0,0   0,0   3,9  29,0   15:51    SW
30  13,3  17,9   15:09  10,6   01:53   4,7   0,0   0,0  10,3  42,0   10:04     E
----------------------------------------------------------------------------------
     8,0  17,9    30    -2,7     5   311,6   0,0 147,9   8,7  61,0     3       E

Max >=  30,0  0
Max <=   0,0  0
Min <=   0,0  3
Min <=  -5,0  0
Max Rain: 87,5 on day 13
Days of Rain: 9 (>= 1,0 mm)  3 (>= 10,0 mm)  2 (>= 20,0 mm)
Heat Base: 18,0  Cool Base: 18,0  Method: Integration
sucontract_SNC