NOAA-Style klimatska poročila


Poročilo za 2023 julij
                   Monthly Climatological Summary for jul. 2023

Name: Vremenska postaja Okroglo   City: Kal nad Kanalom   State: Slovenija
Elevation: 770 m  Lat: N 46° 04' 21"   Lon: E 013° 44' 02"

                  Temperature (°C), Rain (mm), Wind Speed (km/h)

                                      Heat  Cool        Avg
    Mean                              Deg   Deg         Wind                 Dom
Day Temp  High   Time   Low    Time   Days  Days  Rain  Speed High   Time    Dir
----------------------------------------------------------------------------------
01  16,6  23,3   23:21  13,5   05:06   1,5   0,2   5,2   1,4  13,0   09:13   ENE
02  19,2  25,4   14:16  13,8   05:12   1,1   2,4   0,5   3,0  23,0   14:37   WSW
03  16,7  19,8   02:59  14,4   23:13   1,6   0,2  66,8  10,5  36,0   20:51   ENE
04  18,9  24,4   16:47  13,2   04:26   1,1   2,0   1,0  12,0  42,0   09:39     E
05  19,9  24,7   17:30  15,1   05:19   0,2   2,1   0,0   6,9  34,0   03:39     E
06  17,7  19,6   18:18  14,3   04:43   0,6   0,3   3,1  18,0  45,0   11:51     E
07  19,7  24,6   16:34  16,2   05:31   0,5   2,2   0,0   7,5  34,0   00:57     E
08  20,9  25,7   16:08  15,5   16:43   0,2   3,0   0,0   3,8  27,0   14:24   WSW
09  23,0  28,8   14:35  17,8   05:25   0,0   5,0   0,0   2,5  21,0   15:15     W
10  24,1  29,1   13:38  20,1   02:57   0,0   6,1   0,0   2,2  18,0   15:26     W
11  23,7  28,2   16:07  19,9   06:18   0,0   5,7   0,0   3,3  25,0   17:39   WSW
12  21,2  26,9   17:31  16,2   06:55   0,2   3,5  16,6   2,4  33,0   04:58   ESE
13  19,6  25,5   16:13  15,8   04:05   0,5   2,1  14,5   8,1  42,0   18:55     E
14  20,6  26,1   18:22  16,9   00:46   0,1   2,6   0,0  15,6  43,0   01:25     E
15  22,4  27,1   17:32  17,8   03:56   0,0   4,4   0,0   3,1  23,0   16:05   WSW
16  24,0  28,9   17:37  19,8   01:40   0,0   6,0   0,0   2,8  46,0   23:35   WSW
17  24,9  29,4   14:20  20,5   02:54   0,0   6,9   0,0   3,7  21,0   14:53   SSW
31  20,3  25,3   16:04  17,7   06:53   0,0   2,3   0,0  ----  39,6   04:34     E
----------------------------------------------------------------------------------
    20,1  29,4    17    11,3    26    15,4  84,6 252,2   6,7  69,0    25       E

Max >=  30,0  0
Max <=   0,0  0
Min <=   0,0  0
Min <=  -5,0  0
Max Rain: 66,8 on day 3
Days of Rain: 14 (>= 1,0 mm)  9 (>= 10,0 mm)  3 (>= 20,0 mm)
Heat Base: 18,0  Cool Base: 18,0  Method: Integration
sucontract_SNC