NOAA-Style klimatska poročila


Poročilo za 2023 september
                   Monthly Climatological Summary for sep. 2023

Name: Vremenska postaja Okroglo   City: Kal nad Kanalom   State: Slovenija
Elevation: 770 m  Lat: N 46° 04' 21"   Lon: E 013° 44' 02"

                  Temperature (°C), Rain (mm), Wind Speed (km/h)

                                      Heat  Cool        Avg
    Mean                              Deg   Deg         Wind                 Dom
Day Temp  High   Time   Low    Time   Days  Days  Rain  Speed High   Time    Dir
----------------------------------------------------------------------------------
01  17,1  22,1   14:18  14,1   00:28   1,6   0,7   2,1   2,9  24,0   15:22    SW
02  18,7  23,1   17:10  15,3   00:43   0,8   1,5   0,0   2,0  18,0   16:46    SW
03  19,4  25,1   13:36  14,9   05:10   0,7   2,1   0,0   3,8  35,0   23:49     E
04  18,4  24,4   14:33  15,2   23:56   0,9   1,4   0,0  14,5  42,0   21:47     E
05  16,9  22,1   16:01  12,6   06:34   1,9   0,8   0,0  10,5  47,0   13:19     E
06  18,5  24,4   06:54  15,3   06:30   0,9   1,4   0,0  13,6  50,0   00:25   ENE
07  19,0  23,9   14:44  15,4   05:55   0,7   1,7   0,5   9,1  50,0   11:27     E
08  19,6  24,2   16:09  15,8   07:07   0,3   2,0   0,0   7,8  35,0   09:38     E
09  19,7  24,4   13:19  15,6   05:41   0,4   2,1   0,0   7,1  32,0   18:16     E
10  20,2  26,9   16:04  15,1   07:58   0,6   2,9   0,0   6,2  33,0   23:04   ENE
11  21,5  26,9   15:30  18,0   23:57   0,0   3,5   0,0   7,4  36,0   04:28   ENE
12  19,6  23,8   15:46  16,2   04:56   0,3   1,9   0,0   2,7  22,0   15:11    SW
13  18,8  22,3   12:46  16,8   23:50   0,2   1,0  11,9   2,6  22,0   16:43    SW
14  17,3  22,3   14:56  15,5   18:51   1,3   0,6  15,0   6,1  41,0   23:12     E
15  17,1  20,8   15:14  14,9   07:07   1,3   0,4   0,0  14,7  42,0   09:17     E
16  17,6  23,5   14:39  14,8   05:08   1,4   0,9   0,0   7,7  35,0   00:51     E
17  17,1  21,6   15:04  14,6   06:58   1,3   0,4   0,0   1,8  19,0   16:30    SW
18  17,5  18,9   15:10  15,8   00:00   0,6   0,1   3,1   5,7  31,0   23:24   SSW
19  18,3  21,1   16:26  16,8   23:29   0,2   0,6   0,0  13,8  36,0   11:25     E
20  17,9  23,5   14:18  14,9   21:26   1,1   1,0   0,0   3,9  23,0   00:00     E
21  16,1  17,9   09:51  14,6   07:20   1,9   0,0  24,4   5,6  33,0   22:12     S
22  17,2  19,4   12:48  14,9   22:34   1,1   0,2  43,0  11,5  55,4   15:56     S
23  15,0  21,1   08:19   9,9   10:17   2,9   0,0   9,8  15,6  53,6   18:58     E
24  13,0  20,5   21:25  11,2   07:03   5,0   0,0   0,5  10,1  34,9   17:17   ENE
25  15,0  20,5   15:52  10,4   03:22   3,2   0,2   0,0  16,3  56,2   20:53     E
26  18,0  23,1   15:44  14,6   02:13   1,0   1,1   0,0   9,3  41,4   00:23   ENE
27  18,3  21,8   14:10  10,4   21:47   0,8   1,1   0,0   9,9  45,4   15:11   ENE
28  18,2  22,6   16:01  15,2   22:42   0,9   1,1   0,0   8,6  45,4   10:57   ENE
29  18,1  22,4   13:42  13,8   02:36   1,0   1,0   0,0  11,0  33,8   12:16   ENE
30  18,0  22,1   13:01  14,1   02:30   0,9   0,9   0,0   9,8  36,0   13:48     E
----------------------------------------------------------------------------------
    17,9  26,9    10     9,9    23    35,1  32,6 110,3   8,4  56,2    25       E

Max >=  30,0  0
Max <=   0,0  0
Min <=   0,0  0
Min <=  -5,0  0
Max Rain: 43,0 on day 22
Days of Rain: 7 (>= 1,0 mm)  4 (>= 10,0 mm)  2 (>= 20,0 mm)
Heat Base: 18,0  Cool Base: 18,0  Method: Integration
sucontract_SNC