NOAA-Style klimatska poročila


Poročilo za 2023 oktober
                   Monthly Climatological Summary for okt. 2023

Name: Vremenska postaja Okroglo   City: Kal nad Kanalom   State: Slovenija
Elevation: 770 m  Lat: N 46° 04' 21"   Lon: E 013° 44' 02"

                  Temperature (°C), Rain (mm), Wind Speed (km/h)

                                      Heat  Cool        Avg
    Mean                              Deg   Deg         Wind                 Dom
Day Temp  High   Time   Low    Time   Days  Days  Rain  Speed High   Time    Dir
----------------------------------------------------------------------------------
01  17,8  23,3   15:12  14,9   08:02   1,3   1,0   0,0  10,5  36,0   07:19     E
02  17,7  22,9   14:33  14,3   07:17   1,6   1,3   0,0   1,0  14,0   16:08   WSW
03  17,1  23,3   04:30  14,4   07:01   1,6   0,7   0,0   2,9  23,0   13:32    SW
04  14,8  17,3   09:56  12,6   23:32   3,2   0,0   0,0  14,2  48,0   22:14     E
05  14,7  20,0   15:25  12,3   03:01   3,4   0,1   0,0  17,5  50,0   07:24     E
06  15,1  18,8   14:33  13,2   07:27   2,9   0,1   0,0  15,9  54,0   09:38   ENE
07  16,6  21,6   14:03  12,6   00:26   2,2   0,8   0,0   1,4  17,0   13:36    SW
08  17,5  22,1   15:10  14,1   05:00   1,3   0,8   0,0   1,1  10,0   14:15    NE
09  16,4  20,6   11:29  11,4   06:43   2,0   0,4   0,0   4,7  40,0   02:41   ENE
10  17,2  21,1   15:11  14,9   04:09   1,3   0,5   0,0   2,5  35,0   21:20   ENE
11  17,8  23,4   12:54  14,1   05:23   1,6   1,4   0,0   3,3  33,0   01:34   ENE
12  15,8  18,5   14:08  13,9   03:44   2,2   0,0   0,0   1,8  19,0   12:13    SW
13  16,1  19,1   11:20  14,4   06:23   2,0   0,1   0,0   3,8  27,0   23:21    SW
14  15,4  17,3   11:39  14,5   07:00   2,5   0,0   1,0   7,4  34,0   01:58    SW
15  10,1  14,9   00:00   5,6   20:20   7,9   0,0  23,3  22,8  68,0   18:09     E
16   6,0   8,6   14:40   4,4   23:33  12,0   0,0   0,0  23,7  56,0   09:00     E
17   5,4   8,9   14:42   3,5   07:39  12,6   0,0   0,0  27,3  67,0   06:35     E
18   6,7   9,9   23:50   3,8   06:32  11,2   0,0   6,7   7,3  38,0   02:51   ENE
19  12,7  15,6   22:39   9,8   00:02   5,3   0,0  45,1   6,3  44,0   23:35    SW
20  16,0  18,4   18:29  12,7   23:42   2,0   0,0  20,7  14,4  49,0   20:08   SSW
21  13,8  16,5   13:28  11,2   23:54   4,2   0,0  15,5   4,3  27,0   07:26     S
22  12,3  16,1   15:49  10,4   02:09   5,7   0,0   2,6   4,8  23,0   15:16   SSW
23  12,4  16,3   14:17  10,1   07:28   5,6   0,0   0,0   4,0  26,0   14:49    SW
24  13,3  14,9   19:16  11,2   05:39   4,7   0,0  39,4  13,5  53,0   20:44   SSE
25  12,3  13,1   00:00  11,4   20:06   5,7   0,0  10,9  11,7  50,0   00:24    SW
26  12,4  14,4   12:20  11,2   19:49   5,6   0,0  16,1   6,2  30,0   13:56    SW
27  13,7  14,9   06:24  12,4   12:08   4,3   0,0  84,4  15,4  78,0   06:41   SSW
28  12,4  15,4   14:09  10,3   20:06   5,6   0,0   0,0   8,3  31,0   13:22     S
29  11,9  13,5   22:42  10,7   00:54   6,4   0,0   2,1   8,5  36,0   23:06    SW
30  13,8  14,9   12:30  11,8   14:23   4,2   0,0  18,6  11,7  48,0   13:30     S
31  10,6  14,9   00:00   5,5   20:34   7,4   0,0  42,5  38,2  57,2   00:38   SSE
----------------------------------------------------------------------------------
    13,7  23,4    11     3,5    17   139,5   7,2 328,9  10,2  78,0    27      SE

Max >=  30,0  0
Max <=   0,0  0
Min <=   0,0  0
Min <=  -5,0  0
Max Rain: 84,4 on day 27
Days of Rain: 14 (>= 1,0 mm)  10 (>= 10,0 mm)  6 (>= 20,0 mm)
Heat Base: 18,0  Cool Base: 18,0  Method: Integration
sucontract_SNC