NOAA-Style klimatska poročila


Poročilo za 2023 december
                   Monthly Climatological Summary for dec. 2023

Name: Vremenska postaja Okroglo   City: Kal nad Kanalom   State: Slovenija
Elevation: 770 m  Lat: N 46° 04' 21"   Lon: E 013° 44' 02"

                  Temperature (°C), Rain (mm), Wind Speed (km/h)

                                      Heat  Cool        Avg
    Mean                              Deg   Deg         Wind                 Dom
Day Temp  High   Time   Low    Time   Days  Days  Rain  Speed High   Time    Dir
----------------------------------------------------------------------------------
01   9,0  13,3   22:35   4,8   01:27   9,0   0,0  62,2  10,7  48,0   13:46     S
02   7,0  13,2   00:00  -0,7   23:45  11,0   0,0  55,9  15,4  55,0   05:37     S
03  -3,0  -2,9   21:39  -3,3   23:54   2,9   0,0   0,0  22,3  50,0   22:35     E
04  -1,6   4,4   12:55  -3,7   04:11  19,6   0,0   1,5   9,5  48,0   01:37   ENE
05   1,7   3,4   14:28  -0,5   00:00  16,3   0,0   7,3  10,1  52,0   22:54     E
06   1,5   3,6   12:31  -0,1   23:48  16,5   0,0   0,5  13,1  45,0   01:12   ENE
07   2,9   8,4   14:25  -0,1   00:26  15,1   0,0   0,0   2,5  25,0   08:26   ENE
08   2,1   4,5   14:13   0,3   01:54  15,8   0,0   0,0   2,1  30,0   23:22    NE
09   2,2   6,9   14:52   0,3   19:50  15,8   0,0   0,5   9,9  39,0   09:13     E
10   3,8   9,3   15:04   0,2   03:39  14,2   0,0   4,7   1,9  20,0   01:49     W
11   5,2  11,1   08:50   3,3   07:07  12,8   0,0   0,0   3,2  25,0   16:21   SSW
13   4,9   7,2   08:51   2,3   19:51  13,7   0,0  73,0  10,3  35,0   13:51     E
14   6,0  12,1   13:35   1,8   04:55  12,0   0,0   0,0   6,9  31,0   01:18   ENE
15   5,5   8,8   11:44  -4,5   22:53  12,5   0,0   0,0  14,5  38,0   16:59   ENE
16   2,1   5,8   13:24  -0,1   04:44  15,9   0,0   0,0  19,8  53,0   05:27     E
17   6,7  12,9   14:58   1,8   00:00  11,3   0,0   0,0   9,1  50,0   02:46   ENE
18  12,8  18,2   13:12   9,3   00:55   5,2   0,0   0,0   0,8  10,0   14:08   ENE
19  12,2  16,6   13:40   8,8   23:53   5,8   0,0   0,0   2,1  14,0   12:19     S
20   6,6  10,1   01:28   4,4   23:55  11,4   0,0   0,0   5,6  42,0   22:17     E
21   4,6   8,3   10:50   2,6   08:15  13,4   0,0   0,0  10,8  48,0   02:38   ESE
22   5,7  10,3   11:40   3,3   05:46  12,3   0,0   0,0   3,6  31,0   14:57   SSW
23   7,2  11,6   10:45   2,9   05:35  10,8   0,0   0,0   4,5  27,0   10:00   SSW
24   7,5  10,3   09:48   5,4   00:24  10,5   0,0   0,0   1,8  19,0   21:18   NNW
25   7,0   8,3   01:09   5,6   20:37  11,0   0,0   0,0   4,8  26,0   10:28    SW
26   6,1   6,9   08:37   5,4   23:20  11,9   0,0   0,0   3,1  19,0   12:49   SSW
27   5,8   7,3   10:58   4,9   07:54  12,2   0,0   0,0   2,7  27,0   22:15    SW
28   5,2   5,8   11:18   4,9   00:18  12,8   0,0   0,0   7,8  27,0   19:20    SW
29   5,2   5,8   14:25   4,3   05:58  12,8   0,0   0,0   5,3  25,2   19:46    SW
30   5,6   6,4   14:23   4,9   02:59  12,4   0,0   0,0   1,6  18,0   01:27   SSW
31   6,3   8,3   23:21   5,3   08:05  11,7   0,0  20,7  10,0  51,8   23:22   SSW
----------------------------------------------------------------------------------
     5,1  18,2    18    -4,5    15   368,6   0,0 226,3   7,4  55,0     2     ESE

Max >=  30,0  0
Max <=   0,0  1
Min <=   0,0  8
Min <=  -5,0  0
Max Rain: 73,0 on day 13
Days of Rain: 7 (>= 1,0 mm)  4 (>= 10,0 mm)  4 (>= 20,0 mm)
Heat Base: 18,0  Cool Base: 18,0  Method: Integration
sucontract_SNC