NOAA-Style klimatska poročila


Poročilo za 2024 januar
                   Monthly Climatological Summary for jan. 2024

Name: Vremenska postaja Okroglo   City: Kal nad Kanalom   State: Slovenija
Elevation: 770 m  Lat: N 46° 04' 21"   Lon: E 013° 44' 02"

                  Temperature (°C), Rain (mm), Wind Speed (km/h)

                                      Heat  Cool        Avg
    Mean                              Deg   Deg         Wind                 Dom
Day Temp  High   Time   Low    Time   Days  Days  Rain  Speed High   Time    Dir
----------------------------------------------------------------------------------
01   5,2  10,0   18:05   1,9   23:32  12,8   0,0  27,5  13,5  57,0   02:31   ESE
02   3,2   4,1   11:21   1,9   03:10  15,9   0,0   2,1   6,9  46,0   07:05    SW
03   4,4   5,3   21:46   3,3   02:11  13,6   0,0   5,7   6,9  25,0   08:57    SW
04   3,8   5,3   01:49   1,6   20:29  14,2   0,0   0,0   3,8  20,0   05:48    SW
05   6,0   8,1   10:20   1,6   00:00  12,0   0,0   8,8   3,7  32,0   19:12   SSE
06   6,4   8,8   02:41   3,9   20:58  11,6   0,0  51,3  13,1  52,0   23:14     E
07   4,6   5,9   11:58   2,6   23:58  13,4   0,0   2,6  17,9  51,0   09:31   ENE
08  -0,8   2,7   00:00  -2,2   19:43  19,6   0,0   0,0  28,0  71,0   07:43     E
09  -3,2  -1,4   13:57  -4,7   23:51  21,2   0,0  10,9  32,3  76,0   09:14     E
10  -3,3  -0,4   13:22  -5,7   05:15  21,3   0,0   0,0  30,2  78,0   11:51   ENE
11   0,3   4,8   14:28  -3,6   00:00  17,7   0,0   0,0  17,1  59,0   00:48   ENE
12   0,0   2,9   03:51  -3,1   23:22  18,0   0,0   0,0  21,0  55,0   12:33   ENE
13   0,1   4,9   10:40  -3,9   04:08  17,9   0,0   0,0   3,5  30,0   00:41    SW
14   0,7   1,7   14:37  -0,6   03:11  17,3   0,0   0,0   3,3  26,0   15:52    SW
15   2,1   3,6   12:42   0,8   00:00  15,9   0,0   0,0   5,0  44,0   23:22     E
16   0,4   4,1   14:36  -1,3   08:49  17,6   0,0   0,5  19,1  56,0   08:40   ENE
17   3,3   5,6   19:57  -4,5   08:08  14,6   0,0  22,8   2,6  26,0   20:48   SSW
18   5,5   8,8   05:20   4,4   11:45  12,4   0,0  29,5   7,5  51,0   05:25   SSW
31   7,5  12,1   12:24   4,4   08:39  10,5   0,0   0,0  ----  35,3   21:05   ENE
----------------------------------------------------------------------------------
     3,0  13,6    26   -10,0    21   468,6   0,0 174,1  13,1  78,0    10       E

Max >=  30,0  0
Max <=   0,0  2
Min <=   0,0 14
Min <=  -5,0  5
Max Rain: 51,3 on day 6
Days of Rain: 10 (>= 1,0 mm)  6 (>= 10,0 mm)  4 (>= 20,0 mm)
Heat Base: 18,0  Cool Base: 18,0  Method: Integration
sucontract_SNC