NOAA-Style klimatska poročila


Poročilo za 2023 januar
                   Monthly Climatological Summary for jan. 2023

Name: Vremenska postaja Okroglo   City: Kal nad Kanalom   State: Slovenija
Elevation: 770 m  Lat: N 46° 04' 21"   Lon: E 013° 44' 02"

                  Temperature (°C), Rain (mm), Wind Speed (km/h)

                                      Heat  Cool        Avg
    Mean                              Deg   Deg         Wind                 Dom
Day Temp  High   Time   Low    Time   Days  Days  Rain  Speed High   Time    Dir
----------------------------------------------------------------------------------
01   1,5   7,3   00:00   0,3   01:47  11,3   0,0   0,0   5,8   6,0   00:00   JJV
02   0,0   0,0   00:00   0,0   00:00   0,0   0,0   0,0  ----   0,0   00:00     S
03   7,7  13,8   16:22   5,8   23:13   3,7   0,0   0,5   0,0   0,0   00:00     S
04   6,9  12,5   15:00   5,1   01:33  11,1   0,0   0,0   0,0   0,0   00:00     S
05   5,6   5,9   00:00   5,2   08:13  12,4   0,0   0,5   0,0   0,0   00:00     S
06   4,9  11,1   08:54   2,4   05:48  13,1   0,0   0,0   0,0   0,0   00:00     S
07   4,8   9,9   19:02   3,8   23:06  13,2   0,0   0,0   0,0   0,0   00:00     S
08   4,8  12,2   12:43   3,3   07:29  13,2   0,0  22,3   0,0   0,0   00:00     S
09   5,9  11,1   16:55   2,2   23:45  12,1   0,0  38,8   0,0   0,0   00:00     S
10   7,3  22,0   11:54  -6,7   23:00  11,2   0,5   0,0   2,0  29,0   17:35   SSZ
11   5,8  19,9   11:03  -4,5   06:37  12,3   0,1   0,0   5,1  52,0   11:26   JJZ
12   7,3  19,3   11:23   2,9   07:54  10,7   0,0   0,0   5,4  16,0   12:38    JZ
13   5,4  13,4   11:17   3,9   07:06  12,6   0,0   0,0   4,0   0,0   00:00   ZSZ
14   7,1  21,2   13:08   3,1   05:53  11,0   0,1   0,0   2,6  63,0   15:06   ZSZ
15   4,4  12,2   09:10   3,1   01:38  13,5   0,0  20,2   0,0   0,0   00:00     S
16   1,1   5,5   00:00  -1,2   01:50  16,8   0,0  30,6   0,0   0,0   00:00     S
17   1,0   3,1   11:35  -4,5   11:58  16,9   0,0   9,3   0,0   0,0   00:00     S
18   1,4   2,9   12:55  -6,7   12:34  16,6   0,0  10,9   0,0   0,0   00:00     S
19  -0,5   1,9   09:55  -1,7   21:20  18,4   0,0   1,0   0,0   0,0   00:00     S
20  -1,5   6,8   11:00  -9,8   00:54  19,4   0,0   0,0   0,0   0,0   00:00     S
21  -1,0   1,0   13:18  -2,2   00:00  19,0   0,0   3,1  12,5  78,0   05:37    SV
22  -1,1   0,8   15:36  -2,1   01:37  19,8   0,0   0,0  13,3  48,0   18:21    SV
23   0,9   1,8   11:54  -1,1   00:00  17,6   0,0  20,7  12,0  52,0   04:56    SV
24   2,2   4,4   10:50  -5,6   09:53  15,8   0,0   2,6   8,4  25,0   14:01    SV
25   1,0   8,8   15:11  -6,7   10:11  17,6   0,0   0,0  11,4  48,0   22:16   VSV
26  -0,3   7,8   12:31  -2,9   23:59  18,2   0,0   0,0  15,0  60,0   06:58   VSV
27  -1,6   8,1   12:51  -3,6   07:06  19,5   0,0   0,0  10,2  50,0   07:32    SV
28  -1,7  12,2   09:47  -4,6   06:53  19,7   0,0   0,0   7,1  63,0   04:58   VJV
29   0,7  21,1   12:49  -4,2   23:28  17,2   0,0   0,0   7,2  52,0   11:01    JV
30   2,2  24,4   10:44  -6,7   09:12  15,7   0,0   0,0   6,4  58,0   11:46     J
----------------------------------------------------------------------------------
     2,7  24,4    30    -9,8    20   429,6   0,7 160,5   4,4  78,0    21     VSV

Max >=  30,0  0
Max <=   0,0  1
Min <=   0,0 18
Min <=  -5,0  6
Max Rain: 38,8 on day 9
Days of Rain: 10 (>= 1,0 mm)  6 (>= 10,0 mm)  5 (>= 20,0 mm)
Heat Base: 18,0  Cool Base: 18,0  Method: Integration
sucontract_SNC