Problem v komunikaciji. Obiščite spletno stran Meteoalarma : www.meteoalarm.eu , kjer lahko neposredno preverite vremenska opozorila .

NOAA-Style klimatska poročila


Poročilo za 2019 februar
                   Monthly Climatological Summary for feb 2019

Name: Vremenska postaja Okroglo   City: Kal nad Kanalom   State: Slovenija
Elevation: 770 m  Lat: N 46 04 21   Lon: E 013 44 03

                  Temperature (°C), Rain (mm), Wind Speed (km/h)

                                      Heat  Cool        Avg
    Mean                              Deg   Deg         Wind                 Dom
Day Temp  High   Time   Low    Time   Days  Days  Rain  Speed High   Time    Dir
----------------------------------------------------------------------------------
01   4,4   8,4   19:47  -0,9   03:13  13,5   0,0  52,3  15,8  64,8   19:32   SSE
02   6,0   8,3   06:17   3,4   21:05  12,0   0,0  67,9  16,8  64,8   01:29   SSE
03   4,4   6,5   16:13   3,0   03:13  14,0   0,0  17,1   4,9  24,1   22:48   SSE
04   1,8   5,1   14:20  -0,4   23:55  16,1   0,0   0,0  11,1  49,3   15:44     E
05   1,1   4,4   14:44  -1,9   05:17  16,9   0,0   0,0  13,5  48,6   11:38     E
06   3,0  10,2   14:13   0,4   05:38  14,9   0,0   0,0  10,4  40,0   08:28     E
07   4,5  13,3   13:30   0,6   00:37  13,5   0,0   0,0   5,0  41,0   00:11   WSW
08   3,8   8,0   13:25   1,6   05:34  14,1   0,0   0,0   6,7  36,7   08:57     E
09   3,6   9,4   12:21   1,3   01:36  14,3   0,0   0,0   4,2  25,6   13:48    SW
10   3,5   5,9   22:28   1,8   02:40  14,4   0,0  13,0   9,5  56,2   21:17   SSW
11   4,2   9,3   13:34   1,3   07:26  13,8   0,0  18,6   5,5  60,5   00:16   SSW
12   4,4  11,7   14:01   0,8   23:50  13,6   0,0   0,0   3,3  29,5   07:32   NNW
13   3,7  10,6   13:11  -5,6   22:28  14,3   0,0   0,0   2,0  15,1   14:27     W
14   6,6  12,9   14:08   2,5   01:15  11,4   0,0   0,0   2,8  31,7   17:48    SW
15   7,1  15,1   13:23   3,1   23:41  10,9   0,0   0,0   3,5  22,7   21:16    NW
16   8,3  17,7   14:06   2,1   01:58   9,7   0,0   0,0   1,4  15,1   00:32   WNW
17  11,0  19,4   12:00   6,4   03:36   7,0   0,0   0,0   1,1  14,4   15:27     W
18   9,6  18,3   12:38   5,0   23:25   8,4   0,0   0,0   2,3  20,9   13:41    SW
19   5,8  13,2   11:42   0,8   23:47  12,2   0,0   0,0   3,1  22,0   12:02    SW
20   5,0  13,3   13:50  -0,1   06:56  13,0   0,0   0,0   1,4  13,7   13:50   WSW
21   9,1  16,4   13:50   5,2   05:58   8,9   0,0   0,0   2,8  24,5   14:54   WSW
22  10,2  17,9   11:51   3,9   23:55   7,8   0,0   0,0   5,0  34,2   14:45     N
23   0,5   5,4   13:49  -3,3   23:57  17,5   0,0   0,0  12,1  44,3   03:55   ENE
----------------------------------------------------------------------------------
     5,3  19,4    17    -5,6    13   292,2   0,0 168,9   6,3  64,8     1      SE

Max >=  30,0  0
Max <=   0,0  0
Min <=   0,0  6
Min <=  -5,0  1
Max Rain: 67,9 on day 2
Days of Rain: 5 (>= 1,0 mm)  5 (>= 10,0 mm)  2 (>= 20,0 mm)
Heat Base: 18,0  Cool Base: 18,0  Method: Integration