Nizke temperature Od: 14-04-2021 00:00 Do: 15-04-2021 06:59 Opozorilo za: Nizke temperature Stopnja: Rumena info button

NOAA-Style klimatska poročila


Poročilo za 2021 april
                   Monthly Climatological Summary for apr 2021

Name: Vremenska postaja Okroglo   City: Kal nad Kanalom   State: Slovenija
Elevation: 770 m  Lat: N 46° 04' 21"   Lon: E 013° 44' 03"

                  Temperature (°C), Rain (mm), Wind Speed (km/h)

                                      Heat  Cool        Avg
    Mean                              Deg   Deg         Wind                 Dom
Day Temp  High   Time   Low    Time   Days  Days  Rain  Speed High   Time    Dir
----------------------------------------------------------------------------------
01  15,9  21,9   12:17   9,9   21:38   2,6   0,6   0,0   4,9  27,0   14:47   JJZ
02  15,2  21,4   12:40  11,4   07:20   3,1   0,3   0,0   4,3  27,0   13:43   JJZ
03   8,3  12,3   00:00   4,6   23:50   9,7   0,0   0,0  11,4  43,0   16:13    SV
04   5,9  10,9   15:14   0,3   01:21  12,1   0,0   0,0   6,4  32,0   14:38   VSV
05   4,8   8,9   11:49   1,7   04:17  13,2   0,0   0,0   8,2  31,0   18:28    JZ
06  -0,3   4,3   00:08  -3,5   23:54  18,2   0,0   2,1   7,5  42,0   16:54     S
07  -0,2   5,8   12:55  -4,4   00:49  18,1   0,0   2,1   2,1  26,0   14:41   SSV
08   3,2   7,8   14:20  -1,5   02:36  14,8   0,0   0,0   5,8  31,0   14:16     J
09   4,6  10,2   13:31   1,3   05:06  13,4   0,0   0,0   8,5  34,0   16:31   JJZ
10   6,7  10,8   15:10   3,7   06:11  11,3   0,0   1,0  10,2  33,0   18:04   JJZ
11   5,8   7,8   23:57   4,7   09:54  12,2   0,0  20,7   9,5  33,0   03:20     J
12   7,7   8,6   13:13   4,4   23:57  10,2   0,0  38,3  12,2  36,0   23:32   JJV
13   1,9   4,4   00:00   0,1   06:21  16,0   0,0  18,7   4,9  34,0   01:33   VSV
----------------------------------------------------------------------------------
     6,1  21,9     1    -4,4     7   154,9   0,9  82,9   7,4  43,0     3       J

Max >=  30,0  0
Max <=   0,0  0
Min <=   0,0  3
Min <=  -5,0  0
Max Rain: 38,3 on day 12
Days of Rain: 6 (>= 1,0 mm)  3 (>= 10,0 mm)  2 (>= 20,0 mm)
Heat Base: 18,0  Cool Base: 18,0  Method: Integration
sucontract_SNC