Nevihte Od: 19-09-2018 14:00 Do: 22:59 Opozorilo za: Nevihte Stopnja: Rumena info button

NOAA-Style klimatska poročila


Poročilo za 2018 september
                   Monthly Climatological Summary for sep 2018

Name: Vremenska postaja Okroglo   City: Kal nad Kanalom   State: Slovenija
Elevation: 770 m  Lat: N 46 04 21   Lon: E 013 44 04

                  Temperature (°C), Rain (mm), Wind Speed (km/h)

                                      Heat  Cool        Avg
    Mean                              Deg   Deg         Wind                 Dom
Day Temp  High   Time   Low    Time   Days  Days  Rain  Speed High   Time    Dir
----------------------------------------------------------------------------------
01  15,2  16,8   15:28  14,0   07:20   2,8   0,0  45,1   6,4  38,9   00:12    SV
02  15,9  19,9   13:49  13,3   05:29   2,2   0,1   9,3   7,6  37,4   03:23   VSV
03  15,6  19,9   12:51  13,6   23:04   2,5   0,1   8,3   3,0  23,0   00:16    SV
04  17,0  23,4   13:00  13,3   00:55   1,9   0,9   0,0   1,5  16,9   13:18    JZ
05  19,5  26,4   13:46  14,9   02:44   0,9   2,4   0,0   1,1  14,4   17:52    SZ
06  19,1  25,0   12:40  16,5   04:07   0,4   1,4   0,0   2,4  23,8   13:51   JJZ
07  17,4  20,6   16:03  15,3   05:14   1,0   0,4   0,0   1,4  16,6   16:10     J
08  18,9  24,1   14:15  15,6   03:12   0,6   1,4   0,0   3,4  26,6   12:52    JV
09  20,1  27,5   13:35  14,9   05:18   0,7   2,8   0,0   1,8  19,4   03:55     Z
10  20,8  27,9   13:18  15,9   06:56   0,4   3,2   0,0   2,0  18,4   15:25     Z
11  20,9  27,3   13:03  16,8   03:46   0,2   3,2   0,0   1,7  16,9   15:43     Z
12  21,5  30,0   15:30  17,4   04:08   0,0   3,5   0,0   1,4  15,8   15:19    JZ
13  20,9  26,4   15:08  17,3   03:30   0,0   2,9   0,0   2,4  24,1   11:09   JJV
14  20,2  24,6   17:07  17,2   03:35   0,0   2,2   0,0   3,2  26,3   10:44     J
15  18,3  22,1   13:36  16,5   02:56   0,5   0,7   0,0   6,7  29,9   10:55   JJV
16  19,3  24,4   14:06  16,3   07:24   0,4   1,8   0,0   5,2  32,8   00:33   VSV
17  20,5  27,1   14:24  16,3   06:23   0,3   2,7   0,0   1,8  19,8   14:42   JJZ
18  20,2  27,1   12:44  16,1   04:40   0,3   2,5   0,0   2,2  22,7   14:26   JJZ
19  19,8  26,9   13:02  16,2   06:19   0,5   2,3   3,1   2,5  19,8   22:50   JJZ
----------------------------------------------------------------------------------
    19,0  30,0    12    13,3     2    15,6  34,5  65,8   3,0  38,9     1      JV

Max >=  30,0  1
Max <=   0,0  0
Min <=   0,0  0
Min <=  -5,0  0
Max Rain: 45,1 on day 1
Days of Rain: 4 (>= 1,0 mm)  1 (>= 10,0 mm)  1 (>= 20,0 mm)
Heat Base: 18,0  Cool Base: 18,0  Method: Integration