NOAA-Style klimatska poročila


Poročilo za 2022 maj
                   Monthly Climatological Summary for maj 2022

Name: Vremenska postaja Okroglo   City: Kal nad Kanalom   State: Slovenija
Elevation: 770 m  Lat: N 46° 04' 21"   Lon: E 013° 44' 03"

                  Temperature (°C), Rain (mm), Wind Speed (km/h)

                                      Heat  Cool        Avg
    Mean                              Deg   Deg         Wind                 Dom
Day Temp  High   Time   Low    Time   Days  Days  Rain  Speed High   Time    Dir
----------------------------------------------------------------------------------
01  10,7  14,3   11:08   8,3   23:55   7,3   0,0   4,1   7,5  39,0   23:40    SV
02  11,5  15,8   17:20   7,6   00:53   6,5   0,0   2,1   7,8  41,0   09:16    SV
03  13,9  18,8   17:50  10,9   00:46   4,1   0,0   0,5   3,8  28,0   10:50   JJZ
04  14,2  19,4   12:46  10,3   23:17   3,8   0,1   0,0   6,2  31,0   14:35   JJZ
05  13,0  17,6   13:05  10,2   02:04   5,0   0,0   0,0   3,5  23,0   14:11   JJZ
06  10,8  12,2   15:31   9,4   04:43   7,2   0,0   1,6   2,9  25,0   12:01    SV
07  11,2  13,5   17:41   9,6   04:26   6,8   0,0   1,0   3,8  32,0   22:18    SV
08  13,3  16,8   11:27   9,5   05:40   4,7   0,0   2,1   8,1  34,0   14:56    SV
09  15,4  19,3   15:03  12,2   05:56   2,8   0,1   0,0   6,6  33,0   10:06    SV
10  16,7  21,8   14:43  12,9   05:11   1,9   0,7   0,0   4,4  23,0   01:22     J
11  17,9  23,8   12:23  13,4   05:40   1,6   1,5   0,0   4,4  27,0   17:37    JZ
12  17,7  23,4   12:31  13,8   04:21   1,5   1,2   0,0   6,0  31,0   15:58   JJZ
13  18,3  24,1   13:48  13,6   02:42   1,3   1,5   0,0   3,0  24,0   14:25    JZ
14  17,2  22,8   13:40  14,3   23:56   1,4   0,7   4,7   4,5  33,0   10:14   VSV
15  19,0  25,7   13:57  13,8   02:36   1,0   2,0   0,0   5,1  28,0   08:04    JZ
16  19,1  23,9   11:20  14,8   23:59   0,6   1,8   1,0   4,4  30,0   14:06   JJZ
17  18,6  24,8   13:07  13,6   03:31   1,3   2,0   1,6   2,7  18,0   14:51    SZ
18  16,9  20,8   13:27  13,9   06:41   1,5   0,5   0,0   8,0  44,0   08:47    JV
19  16,3  23,0   13:43  11,9   04:24   2,5   0,8   0,0   6,9  33,0   04:55   JJZ
20  17,2  22,1   13:13  13,0   04:49   1,9   1,1   0,0   4,5  25,0   15:22   JJZ
----------------------------------------------------------------------------------
    15,4  25,7    15     7,6     2    64,7  14,0  18,7   5,2  44,0    18     JJV

Max >=  30,0  0
Max <=   0,0  0
Min <=   0,0  0
Min <=  -5,0  0
Max Rain: 4,7 on day 14
Days of Rain: 8 (>= 1,0 mm)  0 (>= 10,0 mm)  0 (>= 20,0 mm)
Heat Base: 18,0  Cool Base: 18,0  Method: Integration
sucontract_SNC