Dež Od: 21-01-2021 23:00 Do: 22-01-2021 22:59 Opozorilo za: Dež Stopnja: Rumena info button
Veter Od: 22-01-2021 17:00 Do: 23-01-2021 05:59 Opozorilo za: Veter Stopnja: Rumena info button

NOAA-Style klimatska poročila


Poročilo za 2021 januar
                   Monthly Climatological Summary for jan 2021

Name: Vremenska postaja Okroglo   City: Kal nad Kanalom   State: Slovenija
Elevation: 770 m  Lat: N 46° 04' 21"   Lon: E 013° 44' 03"

                  Temperature (°C), Rain (mm), Wind Speed (km/h)

                                      Heat  Cool        Avg
    Mean                              Deg   Deg         Wind                 Dom
Day Temp  High   Time   Low    Time   Days  Days  Rain  Speed High   Time    Dir
----------------------------------------------------------------------------------
01   1,8   3,9   18:03   0,8   05:27  16,1   0,0  12,4   2,0  25,9   18:23     J
02   1,7   2,7   00:47   1,3   09:09  16,3   0,0  59,6   7,7  40,0   15:07    SV
03   2,9   6,9   11:50   0,3   21:17  15,0   0,0   8,3   2,2  30,2   01:55   SSV
04   1,6   2,6   12:46   0,4   02:14  16,4   0,0   0,0   5,4  27,7   03:57    SV
05   1,6   4,5   12:59   0,4   08:41  16,4   0,0   2,1   2,8  31,3   15:29   VSV
06   0,4   1,9   12:09  -0,8   23:29  17,6   0,0   2,1   2,2  20,5   00:03   JJV
07   0,1   3,6   13:44  -0,7   00:00  17,8   0,0   2,1   0,3  12,2   23:15   JJZ
08  -0,9   1,3   12:12  -2,9   23:53  18,8   0,0   0,0   6,6  32,4   21:13    JV
09  -2,1  -0,1   13:32  -3,5   08:10  20,1   0,0   3,1  11,7  59,4   16:27   VSV
10  -2,7  -2,2   00:13  -3,3   22:05  20,6   0,0   5,7  14,1  53,3   15:08    SV
11  -3,5  -1,1   14:57  -4,7   22:51  21,4   0,0   0,0  11,4  47,2   00:51    SV
12  -2,2   3,5   12:27  -5,6   04:05  20,1   0,0   0,0   2,2  29,9   01:56   ZJZ
13   0,2   6,0   15:03  -3,5   01:22  17,7   0,0   0,0   2,9  31,7   10:34   VJV
14   1,4   7,1   12:28  -1,3   23:58  16,6   0,0   0,0   4,3  29,2   22:58   SSV
15  -1,9   1,6   13:45  -3,4   08:02  19,8   0,0   0,0   7,6  34,9   05:30   VJV
16  -1,9   4,1   13:06  -4,8   06:26  19,9   0,0   0,0   1,6  20,9   00:17   JJZ
17  -2,6   0,6   13:17  -5,7   21:45  20,6   0,0   0,0   4,1  36,7   23:03    SV
18  -2,5   3,1   15:01  -5,7   02:38  20,4   0,0   0,0   3,9  29,5   00:04   ZJZ
19  -1,2   0,5   12:04  -2,9   05:06  19,1   0,0   0,0   2,8  20,9   11:30    JZ
20   0,7   1,8   22:42  -1,1   00:20  17,3   0,0   1,0   6,7  27,4   23:04   JJZ
21   3,3   5,6   21:01   1,7   00:16  14,7   0,0  10,4  12,3  46,4   21:44     J
----------------------------------------------------------------------------------
    -0,3   7,1    14    -5,7    17   382,7   0,0 106,8   5,5  59,4     9       V

Max >=  30,0  0
Max <=   0,0  3
Min <=   0,0 15
Min <=  -5,0  3
Max Rain: 59,6 on day 2
Days of Rain: 10 (>= 1,0 mm)  3 (>= 10,0 mm)  1 (>= 20,0 mm)
Heat Base: 18,0  Cool Base: 18,0  Method: Integration
sucontract_SNC