NOAA-Style klimatska poročila
Izberi mesečna ali letna poročila
2024: jan feb mar apr maj jun jul avg sep okt nov dec
2023: jan feb mar apr maj jun jul avg sep okt nov dec
2022: jan feb mar apr maj jun jul avg sep okt nov dec
2021: jan feb mar apr maj jun jul avg sep okt nov dec
2020: jan feb mar apr maj jun jul avg sep okt nov dec
2019: jan feb mar apr maj jun jul avg sep okt nov dec
2018: jan feb mar apr maj jun jul avg sep okt nov dec
2017: jan feb mar apr maj jun jul avg sep okt nov dec
2016: jan feb mar apr maj jun jul avg sep okt nov dec
2015: jan feb mar apr maj jun jul avg sep okt nov dec
2014: jan feb mar apr maj jun jul avg sep okt nov dec
2013: jan feb mar apr maj jun jul avg sep okt nov dec
2012: jan feb mar apr maj jun jul avg sep okt nov dec
2011: jan feb mar apr maj jun jul avg sep okt nov dec
2024: jan feb mar apr maj jun jul avg sep okt nov dec
2023: jan feb mar apr maj jun jul avg sep okt nov dec
2022: jan feb mar apr maj jun jul avg sep okt nov dec
2021: jan feb mar apr maj jun jul avg sep okt nov dec
2020: jan feb mar apr maj jun jul avg sep okt nov dec
2019: jan feb mar apr maj jun jul avg sep okt nov dec
2018: jan feb mar apr maj jun jul avg sep okt nov dec
2017: jan feb mar apr maj jun jul avg sep okt nov dec
2016: jan feb mar apr maj jun jul avg sep okt nov dec
2015: jan feb mar apr maj jun jul avg sep okt nov dec
2014: jan feb mar apr maj jun jul avg sep okt nov dec
2013: jan feb mar apr maj jun jul avg sep okt nov dec
2012: jan feb mar apr maj jun jul avg sep okt nov dec
2011: jan feb mar apr maj jun jul avg sep okt nov dec
Poročilo za 2024 marec
Monthly Climatological Summary for mar. 2024 Name: Vremenska postaja Okroglo City: Kal nad Kanalom State: Slovenija Elevation: 770 m Lat: N 46° 04' 21" Lon: E 013° 44' 02" Temperature (°C), Rain (mm), Wind Speed (km/h) Heat Cool Avg Mean Deg Deg Wind Dom Day Temp High Time Low Time Days Days Rain Speed High Time Dir ---------------------------------------------------------------------------------- 01 7,4 8,2 00:23 5,5 23:27 10,6 0,0 6,2 19,0 18,0 00:00 SSW 02 6,4 8,6 13:42 5,3 00:51 11,6 0,0 11,4 19,0 18,0 00:00 SSW 03 6,9 9,2 15:10 5,1 23:49 11,1 0,0 5,7 19,0 18,0 00:00 SSW 04 8,4 13,1 14:44 5,1 00:00 9,5 0,0 1,0 19,0 18,0 00:00 SSW 05 9,6 16,3 13:58 6,9 21:20 8,4 0,0 0,0 19,0 18,0 00:00 SSW 06 5,6 13,3 11:10 4,1 11:15 12,4 0,0 16,1 18,8 18,0 00:00 SSW 07 4,9 10,0 11:39 -0,1 19:49 13,1 0,0 2,6 18,0 6,0 00:00 S 08 1,1 1,8 23:42 0,5 07:24 16,9 0,0 2,6 18,0 6,0 00:00 S 09 2,8 13,3 20:34 1,3 03:24 15,2 0,0 23,3 18,0 6,0 00:00 S 10 6,7 9,3 17:16 3,8 00:00 11,2 0,0 19,2 18,0 6,0 00:00 S 11 5,9 11,1 05:49 4,1 05:45 12,1 0,0 0,0 18,0 6,0 00:00 S 12 7,8 12,8 13:13 4,9 02:44 10,1 0,0 0,0 18,0 6,0 00:00 S 13 8,5 13,5 14:33 5,1 03:59 9,5 0,0 0,0 18,0 6,0 00:00 S 14 8,8 13,9 11:59 5,6 04:06 9,2 0,0 0,0 18,0 6,0 00:00 S 15 8,0 10,9 15:35 5,8 03:24 10,0 0,0 0,0 17,9 6,0 00:00 S 16 9,2 14,0 15:11 6,6 05:22 8,8 0,0 0,0 17,0 0,0 00:00 NE 17 10,4 15,1 11:35 6,6 15:50 7,5 0,0 0,0 17,0 0,0 00:00 NE 18 8,9 11,8 12:25 7,8 05:43 9,2 0,0 0,0 15,9 5,8 22:24 NE ---------------------------------------------------------------------------------- 7,1 16,3 5 -0,1 7 196,4 0,0 88,1 18,1 18,0 1 S Max >= 30,0 0 Max <= 0,0 0 Min <= 0,0 1 Min <= -5,0 0 Max Rain: 23,3 on day 9 Days of Rain: 9 (>= 1,0 mm) 4 (>= 10,0 mm) 1 (>= 20,0 mm) Heat Base: 18,0 Cool Base: 18,0 Method: Integration