NOAA-Style klimatska poročila


Poročilo za 2021 november
                   Monthly Climatological Summary for nov. 2021

Name: Vremenska postaja Okroglo   City: Kal nad Kanalom   State: Slovenija
Elevation: 770 m  Lat: N 46° 04' 21"   Lon: E 013° 44' 03"

                  Temperature (°C), Rain (mm), Wind Speed (km/h)

                                      Heat  Cool        Avg
    Mean                              Deg   Deg         Wind                 Dom
Day Temp  High   Time   Low    Time   Days  Days  Rain  Speed High   Time    Dir
----------------------------------------------------------------------------------
01   8,7  10,8   17:13   7,0   00:00   9,3   0,0  44,5   4,8  41,0   23:38    JV
02   8,6  13,3   13:21   6,8   09:26   9,4   0,0   6,2   3,9  32,0   01:35   VSV
03   9,8  12,6   10:46   6,9   00:00   8,4   0,0  12,4   8,5  44,0   23:16   JJV
04   9,3  13,2   02:06   6,3   23:00   8,7   0,0   7,8  18,1  67,0   04:54     J
05   6,6   8,2   12:54   5,1   23:46  11,4   0,0   0,5   8,3  38,0   23:26   VSV
06   5,8   8,4   12:55   4,3   06:24  12,2   0,0   0,0  12,5  55,0   07:24   VSV
07   7,9  15,4   13:53   4,8   06:20  10,1   0,0   1,0   4,1  45,0   00:00    SV
08   5,7   9,5   00:48   4,3   22:36  12,3   0,0   8,3  12,3  57,0   18:14   VSV
09   5,2   7,4   12:44   3,9   06:37  12,8   0,0   1,0  16,0  60,0   03:50   VSV
11  12,5  22,5   12:54   7,3   00:00   6,0   0,4   0,0   1,9  24,0   21:15   ZSZ
12  10,7  16,1   14:04   8,1   07:23   7,3   0,0   0,0   1,8  21,0   07:41   ZSZ
14   7,2   8,9   00:03   5,5   21:48  10,9   0,0   0,0   9,3  39,0   10:23   VSV
15   6,1   7,5   10:50   4,9   06:12  11,9   0,0   0,0  14,1  53,0   21:40     V
16   5,1   6,8   11:43   4,0   22:35  12,9   0,0   0,0  15,0  55,0   10:56     V
17   6,7  12,6   14:13   4,1   00:54  11,3   0,0   0,0   4,3  37,0   01:26   SSZ
18   5,1   6,9   13:18   4,3   04:51  12,8   0,0   0,0  11,4  51,0   10:28   VSV
19   8,4  14,9   14:12   3,6   05:02   9,6   0,0   0,0   2,0  29,0   00:11    SZ
20  11,7  20,2   11:37   7,6   22:45   6,5   0,2   0,0   0,8  10,0   19:48     S
21   5,7   8,6   00:00   3,8   08:42  12,2   0,0   0,0   2,1  28,0   10:57   JJZ
22   5,3   7,4   09:37   3,4   18:41  12,7   0,0   1,0   6,9  41,0   18:16     V
23   3,7   6,5   13:25   1,6   22:53  14,3   0,0   0,0  12,9  50,0   10:21   VSV
24   2,2   5,8   13:36  -0,1   23:53  15,8   0,0   0,0  11,5  46,0   00:14   VJV
25   3,8  10,4   18:32  -0,8   02:36  14,2   0,0   6,7   1,9  22,0   21:59   SSZ
26   4,6  11,1   14:59   2,6   20:21  13,4   0,0  21,2   3,6  33,0   03:17    SV
27   4,0   5,4   07:05   1,8   03:58  14,0   0,0  21,2   6,3  50,0   08:58   JJZ
----------------------------------------------------------------------------------
     6,8  22,5    11    -0,8    25   280,4   0,6 131,8   7,8  67,0     4       V

Max >=  30,0  0
Max <=   0,0  0
Min <=   0,0  2
Min <=  -5,0  0
Max Rain: 44,5 on day 1
Days of Rain: 11 (>= 1,0 mm)  4 (>= 10,0 mm)  3 (>= 20,0 mm)
Heat Base: 18,0  Cool Base: 18,0  Method: Integration
sucontract_SNC