Veter Od: 21-10-2020 00:00 Do: 23:59 Opozorilo za: Veter Stopnja: Rumena info button

NOAA-Style klimatska poročila


Poročilo za 2020 oktober
                   Monthly Climatological Summary for okt 2020

Name: Vremenska postaja Okroglo   City: Kal nad Kanalom   State: Slovenija
Elevation: 770 m  Lat: N 46° 04' 21"   Lon: E 013° 44' 03"

                  Temperature (°C), Rain (mm), Wind Speed (km/h)

                                      Heat  Cool        Avg
    Mean                              Deg   Deg         Wind                 Dom
Day Temp  High   Time   Low    Time   Days  Days  Rain  Speed High   Time    Dir
----------------------------------------------------------------------------------
01  12,1  14,2   13:14  10,2   06:05   6,0   0,0   5,7   1,9  14,8   17:46   JJZ
02  13,4  15,3   14:48  11,8   01:43   4,6   0,0  10,4  10,6  40,0   11:13     J
03  14,8  17,8   10:02  11,0   23:43   3,2   0,0  28,0  12,4  61,6   15:58     J
04  11,3  13,9   15:05   9,9   19:58   6,6   0,0  11,9  12,4  41,0   16:56   JJZ
05  11,3  13,9   14:58   9,6   06:41   6,7   0,0  39,9  11,5  36,4   14:42     J
06  11,1  13,8   12:12   9,4   07:38   6,9   0,0   0,0   9,1  35,3   23:50     J
07  10,4  12,9   15:47   7,6   10:44   7,6   0,0  21,2   4,9  33,5   00:39     J
08  12,2  18,8   14:15   8,5   07:23   5,8   0,0   0,0   2,6  21,6   11:53    JZ
09  13,1  19,9   14:13   9,4   04:36   5,0   0,1   0,0   1,0  16,2   13:52   ZJZ
10  12,4  16,9   12:39  10,1   05:53   5,6   0,0   0,0   2,5  20,9   14:02   JJZ
11   5,7  11,3   01:08   2,4   17:51  12,3   0,0 178,2  11,3  48,2   12:50   VSV
12   7,0  11,3   12:34   3,8   00:00  11,1   0,0   0,0   7,4  35,6   11:44   VSV
13   7,7  14,1   13:59   4,6   03:33  10,2   0,0   0,0   5,4  26,3   19:46   JJZ
14   8,1  12,7   13:51   5,5   08:14   9,9   0,0   0,0   5,3  29,5   15:49   JJZ
15   6,2   8,1   00:17   4,2   17:59  11,8   0,0  52,3   9,5  45,0   08:46   VSV
16   6,8  10,2   15:01   4,9   01:50  11,2   0,0   0,5   4,1  30,2   10:31    JV
17   7,5  11,8   10:44   5,3   04:56  10,5   0,0   4,2   1,3  15,5   17:35     J
18   8,6  13,4   13:03   6,1   07:57   9,4   0,0   0,0   1,8  22,0   10:11    JZ
19   8,6  12,6   14:37   5,3   06:44   9,4   0,0   0,0   2,5  16,9   16:54     Z
20   9,0  12,9   12:11   7,1   20:49   9,0   0,0   0,0   5,7  24,1   14:36   JJZ
----------------------------------------------------------------------------------
     9,9  19,9     9     2,4    11   162,8   0,1 352,3   6,2  61,6     3       J

Max >=  30,0  0
Max <=   0,0  0
Min <=   0,0  0
Min <=  -5,0  0
Max Rain: 178,2 on day 11
Days of Rain: 9 (>= 1,0 mm)  7 (>= 10,0 mm)  5 (>= 20,0 mm)
Heat Base: 18,0  Cool Base: 18,0  Method: Integration
sucontract_SNC